CRAN Package Check Results for Package Rfast2

Last updated on 2019-07-16 00:48:23 CEST.

Flavor Version Tinstall Tcheck Ttotal Status Flags
r-devel-linux-x86_64-debian-clang 0.0.2 163.39 32.65 196.04 WARN
r-devel-linux-x86_64-debian-gcc 0.0.2 124.14 26.21 150.35 WARN
r-devel-linux-x86_64-fedora-clang 0.0.2 294.66 WARN
r-devel-linux-x86_64-fedora-gcc 0.0.2 276.52 WARN
r-devel-windows-ix86+x86_64 0.0.2 407.00 72.00 479.00 OK
r-patched-linux-x86_64 0.0.2 146.79 32.82 179.61 WARN
r-patched-solaris-x86 0.0.2 261.20 WARN
r-release-linux-x86_64 0.0.2 145.40 32.52 177.92 WARN
r-release-windows-ix86+x86_64 0.0.2 311.00 105.00 416.00 OK
r-release-osx-x86_64 0.0.2 NOTE
r-oldrel-windows-ix86+x86_64 0.0.2 403.00 71.00 474.00 OK
r-oldrel-osx-x86_64 0.0.2 NOTE

Check Details

Version: 0.0.2
Check: whether package can be installed
Result: WARN
    Found the following significant warnings:
     ./apply_funcs_templates.h:16:24: warning: ignoring return value of function declared with 'warn_unused_result' attribute [-Wunused-result]
Flavors: r-devel-linux-x86_64-debian-clang, r-devel-linux-x86_64-fedora-clang

Version: 0.0.2
Check: examples
Result: WARN
    Found the following significant warnings:
    
     Warning: 'Rfast::group.sum' is deprecated.
     Warning: 'Rfast::group.sum' is deprecated.
     Warning: 'Rfast::group.sum' is deprecated.
     Warning: 'Rfast::group.sum' is deprecated.
     Warning: 'Rfast::group.sum' is deprecated.
     Warning: 'Rfast::group.sum' is deprecated.
     Warning: 'Rfast::group.mean' is deprecated.
     Warning: 'Rfast::group.sum' is deprecated.
     Warning: 'Rfast::group.mean' is deprecated.
     Warning: 'Rfast::group.sum' is deprecated.
     Warning: 'Rfast::group.mean' is deprecated.
     Warning: 'Rfast::group.sum' is deprecated.
     Warning: 'Rfast::group.mean' is deprecated.
     Warning: 'Rfast::group.sum' is deprecated.
     Warning: 'Rfast::group.mean' is deprecated.
     Warning: 'Rfast::group.sum' is deprecated.
     Warning: 'Rfast::group.mean' is deprecated.
     Warning: 'Rfast::group.sum' is deprecated.
     Warning: 'Rfast::group.mean' is deprecated.
     Warning: 'Rfast::group.sum' is deprecated.
     Warning: 'Rfast::group.mean' is deprecated.
     Warning: 'Rfast::group.sum' is deprecated.
     Warning: 'Rfast::group.mean' is deprecated.
     Warning: 'Rfast::group.sum' is deprecated.
     Warning: 'Rfast::group.mean' is deprecated.
     Warning: 'Rfast::group.sum' is deprecated.
     Warning: 'Rfast::group.mean' is deprecated.
     Warning: 'Rfast::group.sum' is deprecated.
     Warning: 'Rfast::group.mean' is deprecated.
     Warning: 'Rfast::group.sum' is deprecated.
     Warning: 'Rfast::group.mean' is deprecated.
     Warning: 'Rfast::group.sum' is deprecated.
     Warning: 'Rfast::group.mean' is deprecated.
     Warning: 'Rfast::group.sum' is deprecated.
     Warning: 'Rfast::group.mean' is deprecated.
     Warning: 'Rfast::group.sum' is deprecated.
     Warning: 'Rfast::group.mean' is deprecated.
     Warning: 'Rfast::group.sum' is deprecated.
     Warning: 'Rfast::group.mean' is deprecated.
     Warning: 'Rfast::group.sum' is deprecated.
     Warning: 'Rfast::group.mean' is deprecated.
     Warning: 'Rfast::group.sum' is deprecated.
     Warning: 'Rfast::group.mean' is deprecated.
     Warning: 'Rfast::group.sum' is deprecated.
     Warning: 'Rfast::group.mean' is deprecated.
     Warning: 'Rfast::group.sum' is deprecated.
     Warning: 'Rfast::group.mean' is deprecated.
     Warning: 'Rfast::group.sum' is deprecated.
     Warning: 'Rfast::group.mean' is deprecated.
     Warning: 'Rfast::group.sum' is deprecated.
     Warning: 'Rfast::group.mean' is deprecated.
     Warning: 'Rfast::group.sum' is deprecated.
     Warning: 'Rfast::group.mean' is deprecated.
     Warning: 'Rfast::group.sum' is deprecated.
     Warning: 'Rfast::group.mean' is deprecated.
     Warning: 'Rfast::group.sum' is deprecated.
     Warning: 'Rfast::group.mean' is deprecated.
     Warning: 'Rfast::group.sum' is deprecated.
     Warning: 'Rfast::group.mean' is deprecated.
     Warning: 'Rfast::group.sum' is deprecated.
     Warning: 'Rfast::group.mean' is deprecated.
     Warning: 'Rfast::group.sum' is deprecated.
     Warning: 'Rfast::group.mean' is deprecated.
     Warning: 'Rfast::group.sum' is deprecated.
     Warning: 'Rfast::group.mean' is deprecated.
     Warning: 'Rfast::group.sum' is deprecated.
     Warning: 'Rfast::group.mean' is deprecated.
     Warning: 'Rfast::group.sum' is deprecated.
     Warning: 'Rfast::group.mean' is deprecated.
     Warning: 'Rfast::group.sum' is deprecated.
     Warning: 'Rfast::group.mean' is deprecated.
     Warning: 'Rfast::group.sum' is deprecated.
     Warning: 'Rfast::group.mean' is deprecated.
     Warning: 'Rfast::group.sum' is deprecated.
     Warning: 'Rfast::group.mean' is deprecated.
     Warning: 'Rfast::group.sum' is deprecated.
     Warning: 'Rfast::group.mean' is deprecated.
     Warning: 'Rfast::group.sum' is deprecated.
     Warning: 'Rfast::group.mean' is deprecated.
     Warning: 'Rfast::group.sum' is deprecated.
     Warning: 'Rfast::group.mean' is deprecated.
     Warning: 'Rfast::group.sum' is deprecated.
     Warning: 'Rfast::group.mean' is deprecated.
     Warning: 'Rfast::group.sum' is deprecated.
     Warning: 'Rfast::group.mean' is deprecated.
     Warning: 'Rfast::group.sum' is deprecated.
     Warning: 'Rfast::group.mean' is deprecated.
     Warning: 'Rfast::group.sum' is deprecated.
     Warning: 'Rfast::group.mean' is deprecated.
     Warning: 'Rfast::group.sum' is deprecated.
     Warning: 'Rfast::group.mean' is deprecated.
     Warning: 'Rfast::group.sum' is deprecated.
     Warning: 'Rfast::group.mean' is deprecated.
     Warning: 'Rfast::group.sum' is deprecated.
     Warning: 'Rfast::group.mean' is deprecated.
     Warning: 'Rfast::group.sum' is deprecated.
     Warning: 'Rfast::group.mean' is deprecated.
     Warning: 'Rfast::group.sum' is deprecated.
     Warning: 'Rfast::group.mean' is deprecated.
     Warning: 'Rfast::group.sum' is deprecated.
     Warning: 'Rfast::group.mean' is deprecated.
     Warning: 'Rfast::group.sum' is deprecated.
     Warning: 'Rfast::group.mean' is deprecated.
     Warning: 'Rfast::group.sum' is deprecated.
     Warning: 'Rfast::group.mean' is deprecated.
     Warning: 'Rfast::group.sum' is deprecated.
    Deprecated functions may be defunct as soon as of the next release of
    R.
    See ?Deprecated.
Flavors: r-devel-linux-x86_64-debian-clang, r-devel-linux-x86_64-debian-gcc, r-devel-linux-x86_64-fedora-clang, r-devel-linux-x86_64-fedora-gcc, r-patched-linux-x86_64, r-patched-solaris-x86, r-release-linux-x86_64

Version: 0.0.2
Check: installed package size
Result: NOTE
     installed size is 11.2Mb
     sub-directories of 1Mb or more:
     libs 10.9Mb
Flavors: r-devel-linux-x86_64-fedora-clang, r-release-osx-x86_64, r-oldrel-osx-x86_64