CRAN Package Check Results for Package Rglpk

Last updated on 2019-09-17 00:49:24 CEST.

Flavor Version Tinstall Tcheck Ttotal Status Flags
r-devel-linux-x86_64-debian-clang 0.6-4 3.90 19.59 23.49 OK
r-devel-linux-x86_64-debian-gcc 0.6-4 OK
r-devel-linux-x86_64-fedora-clang 0.6-4 29.79 OK
r-devel-linux-x86_64-fedora-gcc 0.6-4 29.20 OK
r-devel-windows-ix86+x86_64 0.6-4 14.00 58.00 72.00 OK
r-patched-linux-x86_64 0.6-4 3.14 19.57 22.71 OK
r-patched-solaris-x86 0.6-4 45.90 NOTE
r-release-linux-x86_64 0.6-4 3.34 20.31 23.65 OK
r-release-windows-ix86+x86_64 0.6-4 12.00 57.00 69.00 OK
r-release-osx-x86_64 0.6-4 NOTE
r-oldrel-windows-ix86+x86_64 0.6-4 11.00 51.00 62.00 OK
r-oldrel-osx-x86_64 0.6-4 NOTE

Check Details

Version: 0.6-4
Check: Rd cross-references
Result: NOTE
    Package unavailable to check Rd xrefs: ‘Rsymphony’
Flavors: r-patched-solaris-x86, r-release-osx-x86_64, r-oldrel-osx-x86_64