CRAN Package Check Results for Package Rglpk

Last updated on 2019-06-26 00:47:45 CEST.

Flavor Version Tinstall Tcheck Ttotal Status Flags
r-devel-linux-x86_64-debian-clang 0.6-4 3.55 20.03 23.58 OK
r-devel-linux-x86_64-debian-gcc 0.6-4 2.79 16.53 19.32 OK
r-devel-linux-x86_64-fedora-clang 0.6-4 28.86 OK
r-devel-linux-x86_64-fedora-gcc 0.6-4 27.70 OK
r-devel-windows-ix86+x86_64 0.6-4 26.00 63.00 89.00 OK
r-patched-linux-x86_64 0.6-4 3.29 20.27 23.56 OK
r-patched-solaris-x86 0.6-4 46.60 NOTE
r-release-linux-x86_64 0.6-4 3.22 19.94 23.16 OK
r-release-windows-ix86+x86_64 0.6-4 12.00 57.00 69.00 OK
r-release-osx-x86_64 0.6-4 NOTE
r-oldrel-windows-ix86+x86_64 0.6-4 11.00 51.00 62.00 OK
r-oldrel-osx-x86_64 0.6-4 NOTE

Check Details

Version: 0.6-4
Check: Rd cross-references
Result: NOTE
    Package unavailable to check Rd xrefs: ‘Rsymphony’
Flavors: r-patched-solaris-x86, r-release-osx-x86_64, r-oldrel-osx-x86_64