CRAN Package Check Results for Package Rip46

Last updated on 2019-07-16 00:48:23 CEST.

Flavor Version Tinstall Tcheck Ttotal Status Flags
r-devel-linux-x86_64-debian-clang 1.0.2 20.86 23.12 43.98 OK
r-devel-linux-x86_64-debian-gcc 1.0.2 14.48 19.17 33.65 OK
r-devel-linux-x86_64-fedora-clang 1.0.2 60.61 NOTE
r-devel-linux-x86_64-fedora-gcc 1.0.2 56.67 NOTE
r-patched-linux-x86_64 1.0.2 18.69 23.11 41.80 OK
r-patched-solaris-x86 1.0.2 75.50 OK
r-release-linux-x86_64 1.0.2 17.91 23.07 40.98 OK
r-release-osx-x86_64 1.0.2 OK
r-oldrel-osx-x86_64 1.0.2 OK

Check Details

Version: 1.0.2
Check: compiled code
Result: NOTE
    File ‘Rip46/libs/Rip46.so’:
     Found no calls to: ‘R_registerRoutines’, ‘R_useDynamicSymbols’
    
    It is good practice to register native routines and to disable symbol
    search.
    
    See ‘Writing portable packages’ in the ‘Writing R Extensions’ manual.
Flavors: r-devel-linux-x86_64-fedora-clang, r-devel-linux-x86_64-fedora-gcc