CRAN Package Check Results for Package Rip46

Last updated on 2019-10-23 00:48:02 CEST.

Flavor Version Tinstall Tcheck Ttotal Status Flags
r-devel-linux-x86_64-debian-clang 1.0.2 23.79 23.04 46.83 OK
r-devel-linux-x86_64-debian-gcc 1.0.2 16.22 18.45 34.67 OK
r-devel-linux-x86_64-fedora-clang 1.0.2 63.26 NOTE
r-devel-linux-x86_64-fedora-gcc 1.0.2 56.81 NOTE
r-patched-linux-x86_64 1.0.2 16.53 22.43 38.96 OK
r-patched-solaris-x86 1.0.2 73.30 OK
r-release-linux-x86_64 1.0.2 17.61 22.72 40.33 OK
r-release-osx-x86_64 1.0.2 OK
r-oldrel-osx-x86_64 1.0.2 OK

Check Details

Version: 1.0.2
Check: compiled code
Result: NOTE
    File ‘Rip46/libs/Rip46.so’:
     Found no calls to: ‘R_registerRoutines’, ‘R_useDynamicSymbols’
    
    It is good practice to register native routines and to disable symbol
    search.
    
    See ‘Writing portable packages’ in the ‘Writing R Extensions’ manual.
Flavors: r-devel-linux-x86_64-fedora-clang, r-devel-linux-x86_64-fedora-gcc