CRAN Package Check Results for Package RiskPortfolios

Last updated on 2019-07-16 00:48:23 CEST.

Flavor Version Tinstall Tcheck Ttotal Status Flags
r-devel-linux-x86_64-debian-clang 2.1.2 2.44 37.69 40.13 OK
r-devel-linux-x86_64-debian-gcc 2.1.2 2.36 27.99 30.35 OK
r-devel-linux-x86_64-fedora-clang 2.1.2 46.49 NOTE
r-devel-linux-x86_64-fedora-gcc 2.1.2 45.14 NOTE
r-devel-windows-ix86+x86_64 2.1.2 6.00 47.00 53.00 OK
r-patched-linux-x86_64 2.1.2 2.70 37.44 40.14 OK
r-patched-solaris-x86 2.1.2 65.90 NOTE
r-release-linux-x86_64 2.1.2 2.35 37.45 39.80 OK
r-release-windows-ix86+x86_64 2.1.2 5.00 72.00 77.00 OK
r-release-osx-x86_64 2.1.2 NOTE
r-oldrel-windows-ix86+x86_64 2.1.2 4.00 49.00 53.00 OK
r-oldrel-osx-x86_64 2.1.2 NOTE

Check Details

Version: 2.1.2
Check: dependencies in R code
Result: NOTE
    Namespace in Imports field not imported from: ‘MASS’
     All declared Imports should be used.
Flavors: r-devel-linux-x86_64-fedora-clang, r-devel-linux-x86_64-fedora-gcc, r-patched-solaris-x86, r-release-osx-x86_64, r-oldrel-osx-x86_64