CRAN Package Check Results for Package RiskPortfolios

Last updated on 2019-12-16 00:49:07 CET.

Flavor Version Tinstall Tcheck Ttotal Status Flags
r-devel-linux-x86_64-debian-clang 2.1.2 2.71 42.69 45.40 OK
r-devel-linux-x86_64-debian-gcc 2.1.2 2.36 31.08 33.44 OK
r-devel-linux-x86_64-fedora-clang 2.1.2 55.21 NOTE
r-devel-linux-x86_64-fedora-gcc 2.1.2 53.60 NOTE
r-devel-windows-ix86+x86_64 2.1.2 6.00 82.00 88.00 OK
r-devel-windows-ix86+x86_64-gcc8 2.1.2 6.00 85.00 91.00 OK
r-patched-linux-x86_64 2.1.2 2.01 37.38 39.39 OK
r-patched-solaris-x86 2.1.2 66.20 NOTE
r-release-linux-x86_64 2.1.2 2.39 37.31 39.70 OK
r-release-windows-ix86+x86_64 2.1.2 8.00 56.00 64.00 OK
r-release-osx-x86_64 2.1.2 NOTE
r-oldrel-windows-ix86+x86_64 2.1.2 4.00 50.00 54.00 OK
r-oldrel-osx-x86_64 2.1.2 NOTE

Check Details

Version: 2.1.2
Check: dependencies in R code
Result: NOTE
    Namespace in Imports field not imported from: ‘MASS’
     All declared Imports should be used.
Flavors: r-devel-linux-x86_64-fedora-clang, r-devel-linux-x86_64-fedora-gcc, r-patched-solaris-x86, r-release-osx-x86_64, r-oldrel-osx-x86_64