CRAN Package Check Results for Package Rmosek

Last updated on 2019-09-17 00:49:24 CEST.

Flavor Version Tinstall Tcheck Ttotal Status Flags
r-devel-linux-x86_64-debian-clang 1.3.5 1.82 16.67 18.49 NOTE --no-examples --no-tests --no-vignettes
r-devel-linux-x86_64-debian-gcc 1.3.5 NOTE --no-examples --no-tests --no-vignettes
r-devel-linux-x86_64-fedora-clang 1.3.5 24.40 OK
r-devel-linux-x86_64-fedora-gcc 1.3.5 24.14 OK
r-devel-windows-ix86+x86_64 1.3.5 7.00 31.00 38.00 OK
r-patched-linux-x86_64 1.3.5 1.56 16.46 18.02 NOTE --no-examples --no-tests --no-vignettes
r-release-linux-x86_64 1.3.5 1.65 16.93 18.58 NOTE --no-examples --no-tests --no-vignettes
r-release-windows-ix86+x86_64 1.3.5 5.00 32.00 37.00 OK
r-release-osx-x86_64 1.3.5 OK
r-oldrel-windows-ix86+x86_64 1.3.5 4.00 30.00 34.00 OK
r-oldrel-osx-x86_64 1.3.5 OK

Check Details

Version: 1.3.5
Flags: --no-examples --no-tests --no-vignettes
Check: R code for possible problems
Result: NOTE
    Found the following calls to attach():
    File 'Rmosek/R/builder.R':
     attach(builderenv, pos, name, warn.conflicts)
    See section 'Good practice' in '?attach'.
Flavors: r-devel-linux-x86_64-debian-clang, r-devel-linux-x86_64-debian-gcc, r-patched-linux-x86_64, r-release-linux-x86_64