CRAN Package Check Results for Package Rmosek

Last updated on 2019-06-18 00:51:52 CEST.

Flavor Version Tinstall Tcheck Ttotal Status Flags
r-devel-linux-x86_64-debian-clang 1.3.4 1.44 16.29 17.73 NOTE --no-examples --no-tests --no-vignettes
r-devel-linux-x86_64-debian-gcc 1.3.4 1.34 13.29 14.63 NOTE --no-examples --no-tests --no-vignettes
r-devel-linux-x86_64-fedora-clang 1.3.4 23.11 OK
r-devel-linux-x86_64-fedora-gcc 1.3.4 22.10 OK
r-devel-windows-ix86+x86_64 1.3.4 4.00 31.00 35.00 OK
r-patched-linux-x86_64 1.3.4 1.73 16.04 17.77 NOTE --no-examples --no-tests --no-vignettes
r-release-linux-x86_64 1.3.4 1.67 16.16 17.83 NOTE --no-examples --no-tests --no-vignettes
r-release-windows-ix86+x86_64 1.3.4 5.00 39.00 44.00 OK
r-release-osx-x86_64 1.3.4 OK
r-oldrel-windows-ix86+x86_64 1.3.4 2.00 52.00 54.00 OK
r-oldrel-osx-x86_64 1.3.4 OK

Check Details

Version: 1.3.4
Flags: --no-examples --no-tests --no-vignettes
Check: R code for possible problems
Result: NOTE
    Found the following calls to attach():
    File 'Rmosek/R/builder.R':
     attach(builderenv, pos, name, warn.conflicts)
    See section 'Good practice' in '?attach'.
Flavors: r-devel-linux-x86_64-debian-clang, r-devel-linux-x86_64-debian-gcc, r-patched-linux-x86_64, r-release-linux-x86_64