Last updated on 2019-12-06 00:50:10 CET.
Flavor | Version | Tinstall | Tcheck | Ttotal | Status | Flags |
---|---|---|---|---|---|---|
r-devel-linux-x86_64-debian-clang | 1.0 | 2.21 | 31.29 | 33.50 | NOTE | |
r-devel-linux-x86_64-debian-gcc | 1.0 | 1.72 | 25.54 | 27.26 | NOTE | |
r-devel-linux-x86_64-fedora-clang | 1.0 | 40.28 | NOTE | |||
r-devel-linux-x86_64-fedora-gcc | 1.0 | 38.75 | NOTE | |||
r-devel-windows-ix86+x86_64 | 1.0 | 5.00 | 52.00 | 57.00 | NOTE | |
r-devel-windows-ix86+x86_64-gcc8 | 1.0 | 4.00 | 41.00 | 45.00 | NOTE | |
r-patched-linux-x86_64 | 1.0 | 1.88 | 29.69 | 31.57 | NOTE | |
r-patched-solaris-x86 | 1.0 | 59.90 | NOTE | |||
r-release-linux-x86_64 | 1.0 | 1.61 | 29.49 | 31.10 | NOTE | |
r-release-windows-ix86+x86_64 | 1.0 | 4.00 | 52.00 | 56.00 | NOTE | |
r-release-osx-x86_64 | 1.0 | NOTE | ||||
r-oldrel-windows-ix86+x86_64 | 1.0 | 2.00 | 37.00 | 39.00 | NOTE | |
r-oldrel-osx-x86_64 | 1.0 | NOTE |
Version: 1.0
Check: R code for possible problems
Result: NOTE
RobRSVD: no visible global function definition for 'median'
Undefined global functions or variables:
median
Consider adding
importFrom("stats", "median")
to your NAMESPACE file.
Flavors: r-devel-linux-x86_64-debian-clang, r-devel-linux-x86_64-debian-gcc, r-devel-linux-x86_64-fedora-clang, r-devel-linux-x86_64-fedora-gcc, r-devel-windows-ix86+x86_64, r-devel-windows-ix86+x86_64-gcc8, r-patched-linux-x86_64, r-patched-solaris-x86, r-release-linux-x86_64, r-release-windows-ix86+x86_64, r-release-osx-x86_64, r-oldrel-windows-ix86+x86_64, r-oldrel-osx-x86_64