CRAN Package Check Results for Package RoughSetKnowledgeReduction

Last updated on 2019-11-22 00:49:25 CET.

Flavor Version Tinstall Tcheck Ttotal Status Flags
r-devel-linux-x86_64-debian-clang 0.1 5.03 31.20 36.23 NOTE
r-devel-linux-x86_64-debian-gcc 0.1 4.26 25.52 29.78 NOTE
r-devel-linux-x86_64-fedora-clang 0.1 42.28 NOTE
r-devel-linux-x86_64-fedora-gcc 0.1 44.51 NOTE
r-devel-windows-ix86+x86_64 0.1 10.00 50.00 60.00 NOTE
r-devel-windows-ix86+x86_64-gcc8 0.1 14.00 53.00 67.00 NOTE
r-patched-linux-x86_64 0.1 3.75 30.25 34.00 NOTE
r-patched-solaris-x86 0.1 64.80 NOTE
r-release-linux-x86_64 0.1 4.10 30.10 34.20 NOTE
r-release-windows-ix86+x86_64 0.1 8.00 69.00 77.00 NOTE
r-release-osx-x86_64 0.1 NOTE
r-oldrel-windows-ix86+x86_64 0.1 7.00 47.00 54.00 NOTE
r-oldrel-osx-x86_64 0.1 NOTE

Check Details

Version: 0.1
Check: R code for possible problems
Result: NOTE
    .computeValueReduct: no visible global function definition for 'combn'
    .findAllReductsFromCore: no visible global function definition for
     'combn'
    .findFirstReductsFromCore: no visible global function definition for
     'combn'
    .findSmallestReductFamilyFromCore: no visible global function
     definition for 'combn'
    Undefined global functions or variables:
     combn
    Consider adding
     importFrom("utils", "combn")
    to your NAMESPACE file.
Flavors: r-devel-linux-x86_64-debian-clang, r-devel-linux-x86_64-debian-gcc, r-devel-linux-x86_64-fedora-clang, r-devel-linux-x86_64-fedora-gcc, r-devel-windows-ix86+x86_64, r-devel-windows-ix86+x86_64-gcc8, r-patched-linux-x86_64, r-patched-solaris-x86, r-release-linux-x86_64, r-release-windows-ix86+x86_64, r-release-osx-x86_64, r-oldrel-windows-ix86+x86_64, r-oldrel-osx-x86_64