CRAN Package Check Results for Package RoughSetKnowledgeReduction

Last updated on 2019-07-16 00:48:24 CEST.

Flavor Version Tinstall Tcheck Ttotal Status Flags
r-devel-linux-x86_64-debian-clang 0.1 3.71 30.38 34.09 NOTE
r-devel-linux-x86_64-debian-gcc 0.1 3.16 25.01 28.17 NOTE
r-devel-linux-x86_64-fedora-clang 0.1 42.98 NOTE
r-devel-linux-x86_64-fedora-gcc 0.1 41.82 NOTE
r-devel-windows-ix86+x86_64 0.1 9.00 45.00 54.00 NOTE
r-patched-linux-x86_64 0.1 4.53 30.72 35.25 NOTE
r-patched-solaris-x86 0.1 66.10 NOTE
r-release-linux-x86_64 0.1 3.90 30.66 34.56 NOTE
r-release-windows-ix86+x86_64 0.1 8.00 69.00 77.00 NOTE
r-release-osx-x86_64 0.1 NOTE
r-oldrel-windows-ix86+x86_64 0.1 7.00 47.00 54.00 NOTE
r-oldrel-osx-x86_64 0.1 NOTE

Check Details

Version: 0.1
Check: R code for possible problems
Result: NOTE
    .computeValueReduct: no visible global function definition for 'combn'
    .findAllReductsFromCore: no visible global function definition for
     'combn'
    .findFirstReductsFromCore: no visible global function definition for
     'combn'
    .findSmallestReductFamilyFromCore: no visible global function
     definition for 'combn'
    Undefined global functions or variables:
     combn
    Consider adding
     importFrom("utils", "combn")
    to your NAMESPACE file.
Flavors: r-devel-linux-x86_64-debian-clang, r-devel-linux-x86_64-debian-gcc, r-devel-linux-x86_64-fedora-clang, r-devel-linux-x86_64-fedora-gcc, r-devel-windows-ix86+x86_64, r-patched-linux-x86_64, r-patched-solaris-x86, r-release-linux-x86_64, r-release-windows-ix86+x86_64, r-release-osx-x86_64, r-oldrel-windows-ix86+x86_64, r-oldrel-osx-x86_64