CRAN Package Check Results for Package RoughSetKnowledgeReduction

Last updated on 2019-05-20 00:48:02 CEST.

Flavor Version Tinstall Tcheck Ttotal Status Flags
r-devel-linux-x86_64-debian-clang 0.1 4.12 30.93 35.05 NOTE
r-devel-linux-x86_64-debian-gcc 0.1 3.84 24.83 28.67 NOTE
r-devel-linux-x86_64-fedora-clang 0.1 42.70 NOTE
r-devel-linux-x86_64-fedora-gcc 0.1 41.49 NOTE
r-devel-windows-ix86+x86_64 0.1 25.00 64.00 89.00 NOTE
r-patched-linux-x86_64 0.1 4.20 30.83 35.03 NOTE
r-patched-solaris-x86 0.1 63.00 NOTE
r-release-linux-x86_64 0.1 4.38 30.44 34.82 NOTE
r-release-windows-ix86+x86_64 0.1 12.00 59.00 71.00 NOTE
r-release-osx-x86_64 0.1 NOTE
r-oldrel-windows-ix86+x86_64 0.1 7.00 47.00 54.00 NOTE
r-oldrel-osx-x86_64 0.1 NOTE

Check Details

Version: 0.1
Check: R code for possible problems
Result: NOTE
    .computeValueReduct: no visible global function definition for 'combn'
    .findAllReductsFromCore: no visible global function definition for
     'combn'
    .findFirstReductsFromCore: no visible global function definition for
     'combn'
    .findSmallestReductFamilyFromCore: no visible global function
     definition for 'combn'
    Undefined global functions or variables:
     combn
    Consider adding
     importFrom("utils", "combn")
    to your NAMESPACE file.
Flavors: r-devel-linux-x86_64-debian-clang, r-devel-linux-x86_64-debian-gcc, r-devel-linux-x86_64-fedora-clang, r-devel-linux-x86_64-fedora-gcc, r-devel-windows-ix86+x86_64, r-patched-linux-x86_64, r-patched-solaris-x86, r-release-linux-x86_64, r-release-windows-ix86+x86_64, r-release-osx-x86_64, r-oldrel-windows-ix86+x86_64, r-oldrel-osx-x86_64