CRAN Package Check Results for Package Rserve

Last updated on 2019-09-21 00:52:52 CEST.

Flavor Version Tinstall Tcheck Ttotal Status Flags
r-devel-linux-x86_64-debian-clang 1.7-3.1 22.75 19.67 42.42 WARN
r-devel-linux-x86_64-debian-gcc 1.7-3.1 16.39 15.85 32.24 WARN
r-devel-linux-x86_64-fedora-clang 1.7-3.1 45.23 WARN
r-devel-linux-x86_64-fedora-gcc 1.7-3.1 40.16 WARN
r-devel-windows-ix86+x86_64 1.7-3.1 106.00 51.00 157.00 WARN
r-patched-linux-x86_64 1.7-3.1 18.43 19.35 37.78 NOTE
r-patched-solaris-x86 1.7-3.1 24.90 ERROR
r-release-linux-x86_64 1.7-3.1 18.11 19.61 37.72 NOTE
r-release-windows-ix86+x86_64 1.7-3.1 69.00 57.00 126.00 WARN
r-release-osx-x86_64 1.7-3.1 NOTE
r-oldrel-windows-ix86+x86_64 1.7-3.1 109.00 47.00 156.00 WARN
r-oldrel-osx-x86_64 1.7-3.1 NOTE

Check Details

Version: 1.7-3.1
Check: whether package can be installed
Result: WARN
    Found the following significant warnings:
     Rserv.c:375:3: warning: ignoring return value of function declared with 'warn_unused_result' attribute [-Wunused-result]
     Rserv.c:372:2: warning: ignoring return value of function declared with 'warn_unused_result' attribute [-Wunused-result]
     Rserv.c:816:4: warning: ignoring return value of function declared with 'warn_unused_result' attribute [-Wunused-result]
     Rserv.c:817:3: warning: ignoring return value of function declared with 'warn_unused_result' attribute [-Wunused-result]
     Rserv.c:820:22: warning: ignoring return value of function declared with 'warn_unused_result' attribute [-Wunused-result]
     Rserv.c:821:22: warning: ignoring return value of function declared with 'warn_unused_result' attribute [-Wunused-result]
     Rserv.c:2088:7: warning: ignoring return value of function declared with 'warn_unused_result' attribute [-Wunused-result]
     Rserv.c:2090:7: warning: ignoring return value of function declared with 'warn_unused_result' attribute [-Wunused-result]
     Rserv.c:2150:17: warning: 'RSA_generate_key' is deprecated [-Wdeprecated-declarations]
     Rserv.c:2342:3: warning: ignoring return value of function declared with 'warn_unused_result' attribute [-Wunused-result]
     Rserv.c:3351:4: warning: ignoring return value of function declared with 'warn_unused_result' attribute [-Wunused-result]
     Rserv.c:3358:3: warning: ignoring return value of function declared with 'warn_unused_result' attribute [-Wunused-result]
     oc.c:47:33: warning: 'RAND_pseudo_bytes' is deprecated [-Wdeprecated-declarations]
     ./Rserv.c:375:3: warning: ignoring return value of function declared with 'warn_unused_result' attribute [-Wunused-result]
     ./Rserv.c:372:2: warning: ignoring return value of function declared with 'warn_unused_result' attribute [-Wunused-result]
     ./Rserv.c:816:4: warning: ignoring return value of function declared with 'warn_unused_result' attribute [-Wunused-result]
     ./Rserv.c:817:3: warning: ignoring return value of function declared with 'warn_unused_result' attribute [-Wunused-result]
     ./Rserv.c:820:22: warning: ignoring return value of function declared with 'warn_unused_result' attribute [-Wunused-result]
     ./Rserv.c:821:22: warning: ignoring return value of function declared with 'warn_unused_result' attribute [-Wunused-result]
     ./Rserv.c:2088:7: warning: ignoring return value of function declared with 'warn_unused_result' attribute [-Wunused-result]
     ./Rserv.c:2090:7: warning: ignoring return value of function declared with 'warn_unused_result' attribute [-Wunused-result]
     ./Rserv.c:2150:17: warning: 'RSA_generate_key' is deprecated [-Wdeprecated-declarations]
     ./Rserv.c:2342:3: warning: ignoring return value of function declared with 'warn_unused_result' attribute [-Wunused-result]
     ./Rserv.c:3351:4: warning: ignoring return value of function declared with 'warn_unused_result' attribute [-Wunused-result]
     ./Rserv.c:3358:3: warning: ignoring return value of function declared with 'warn_unused_result' attribute [-Wunused-result]
     standalone.c:220:3: warning: ignoring return value of function declared with 'warn_unused_result' attribute [-Wunused-result]
Flavor: r-devel-linux-x86_64-debian-clang

Version: 1.7-3.1
Check: top-level files
Result: NOTE
    Non-standard files/directories found at top level:
     'aclocal.m4' 'clients' 'clients.txt' 'version'
Flavors: r-devel-linux-x86_64-debian-clang, r-devel-linux-x86_64-debian-gcc, r-devel-linux-x86_64-fedora-clang, r-devel-linux-x86_64-fedora-gcc, r-patched-linux-x86_64, r-release-linux-x86_64

Version: 1.7-3.1
Check: for GNU extensions in Makefiles
Result: NOTE
    GNU make is a SystemRequirements.
Flavors: r-devel-linux-x86_64-debian-clang, r-devel-linux-x86_64-debian-gcc, r-devel-linux-x86_64-fedora-clang, r-devel-linux-x86_64-fedora-gcc, r-devel-windows-ix86+x86_64, r-patched-linux-x86_64, r-release-linux-x86_64, r-release-windows-ix86+x86_64, r-release-osx-x86_64, r-oldrel-windows-ix86+x86_64, r-oldrel-osx-x86_64

Version: 1.7-3.1
Check: compiled code
Result: NOTE
    Note: information on .o files is not available
    File '/home/hornik/tmp/R.check/r-devel-clang/Work/build/Packages/Rserve/libs/Rserve.so':
     Found 'exit', possibly from 'exit' (C)
     Found 'rand', possibly from 'rand' (C)
     Found 'random', possibly from 'random' (C)
     Found 'srandom', possibly from 'srandom' (C)
    File 'Rserve/libs/Rserve.so':
     Found non-API call to R: 'R_TempDir'
    
    Compiled code should not call entry points which might terminate R nor
    write to stdout/stderr instead of to the console, nor use Fortran I/O
    nor system RNGs. The detected symbols are linked into the code but
    might come from libraries and not actually be called.
    Compiled code should not call non-API entry points in R.
    
    See 'Writing portable packages' in the 'Writing R Extensions' manual.
Flavor: r-devel-linux-x86_64-debian-clang

Version: 1.7-3.1
Check: whether package can be installed
Result: WARN
    Found the following significant warnings:
     Rserv.c:2150:3: warning: ‘RSA_generate_key’ is deprecated [-Wdeprecated-declarations]
     Rserv.c:816:4: warning: ignoring return value of ‘setgid’, declared with attribute warn_unused_result [-Wunused-result]
     Rserv.c:817:3: warning: ignoring return value of ‘setuid’, declared with attribute warn_unused_result [-Wunused-result]
     Rserv.c:820:22: warning: ignoring return value of ‘setgid’, declared with attribute warn_unused_result [-Wunused-result]
     Rserv.c:821:22: warning: ignoring return value of ‘setuid’, declared with attribute warn_unused_result [-Wunused-result]
     Rserv.c:372:2: warning: ignoring return value of ‘chown’, declared with attribute warn_unused_result [-Wunused-result]
     Rserv.c:375:3: warning: ignoring return value of ‘chown’, declared with attribute warn_unused_result [-Wunused-result]
     Rserv.c:2342:3: warning: ignoring return value of ‘chdir’, declared with attribute warn_unused_result [-Wunused-result]
     Rserv.c:3351:4: warning: ignoring return value of ‘chdir’, declared with attribute warn_unused_result [-Wunused-result]
     Rserv.c:3358:3: warning: ignoring return value of ‘chdir’, declared with attribute warn_unused_result [-Wunused-result]
     Rserv.c:2088:7: warning: ignoring return value of ‘setgid’, declared with attribute warn_unused_result [-Wunused-result]
     Rserv.c:2090:7: warning: ignoring return value of ‘setuid’, declared with attribute warn_unused_result [-Wunused-result]
     oc.c:47:5: warning: ‘RAND_pseudo_bytes’ is deprecated [-Wdeprecated-declarations]
     standalone.c:220:3: warning: ignoring return value of ‘chdir’, declared with attribute warn_unused_result [-Wunused-result]
Flavor: r-devel-linux-x86_64-debian-gcc

Version: 1.7-3.1
Check: compiled code
Result: NOTE
    Note: information on .o files is not available
    File ‘/home/hornik/tmp/R.check/r-devel-gcc/Work/build/Packages/Rserve/libs/Rserve.so’:
     Found ‘exit’, possibly from ‘exit’ (C)
     Found ‘rand’, possibly from ‘rand’ (C)
     Found ‘random’, possibly from ‘random’ (C)
     Found ‘srandom’, possibly from ‘srandom’ (C)
    File ‘Rserve/libs/Rserve.so’:
     Found non-API call to R: ‘R_TempDir’
    
    Compiled code should not call entry points which might terminate R nor
    write to stdout/stderr instead of to the console, nor use Fortran I/O
    nor system RNGs. The detected symbols are linked into the code but
    might come from libraries and not actually be called.
    Compiled code should not call non-API entry points in R.
    
    See ‘Writing portable packages’ in the ‘Writing R Extensions’ manual.
Flavor: r-devel-linux-x86_64-debian-gcc

Version: 1.7-3.1
Check: whether package can be installed
Result: WARN
    Found the following significant warnings:
     Rserv.c:2150:17: warning: 'RSA_generate_key' is deprecated [-Wdeprecated-declarations]
     oc.c:47:33: warning: 'RAND_pseudo_bytes' is deprecated [-Wdeprecated-declarations]
Flavor: r-devel-linux-x86_64-fedora-clang

Version: 1.7-3.1
Check: compiled code
Result: NOTE
    Note: information on .o files is not available
    File ‘/data/gannet/ripley/R/packages/tests-clang/Rserve.Rcheck/Rserve/libs/Rserve.so’:
     Found ‘exit’, possibly from ‘exit’ (C)
     Found ‘rand’, possibly from ‘rand’ (C)
     Found ‘random’, possibly from ‘random’ (C)
     Found ‘srandom’, possibly from ‘srandom’ (C)
    File ‘Rserve/libs/Rserve.so’:
     Found non-API call to R: ‘R_TempDir’
    File ‘Rserve/libs/Rserve.so’:
     Found no calls to: ‘R_registerRoutines’, ‘R_useDynamicSymbols’
    
    Compiled code should not call entry points which might terminate R nor
    write to stdout/stderr instead of to the console, nor use Fortran I/O
    nor system RNGs. The detected symbols are linked into the code but
    might come from libraries and not actually be called.
    Compiled code should not call non-API entry points in R.
    It is good practice to register native routines and to disable symbol
    search.
    
    See ‘Writing portable packages’ in the ‘Writing R Extensions’ manual.
Flavor: r-devel-linux-x86_64-fedora-clang

Version: 1.7-3.1
Check: whether package can be installed
Result: WARN
    Found the following significant warnings:
     Rserv.c:2150:3: warning: ‘RSA_generate_key’ is deprecated [-Wdeprecated-declarations]
     Rserv.c:816:4: warning: ignoring return value of ‘setgid’, declared with attribute warn_unused_result [-Wunused-result]
     Rserv.c:817:3: warning: ignoring return value of ‘setuid’, declared with attribute warn_unused_result [-Wunused-result]
     Rserv.c:820:22: warning: ignoring return value of ‘setgid’, declared with attribute warn_unused_result [-Wunused-result]
     Rserv.c:821:22: warning: ignoring return value of ‘setuid’, declared with attribute warn_unused_result [-Wunused-result]
     Rserv.c:372:2: warning: ignoring return value of ‘chown’, declared with attribute warn_unused_result [-Wunused-result]
     Rserv.c:375:3: warning: ignoring return value of ‘chown’, declared with attribute warn_unused_result [-Wunused-result]
     Rserv.c:2342:3: warning: ignoring return value of ‘chdir’, declared with attribute warn_unused_result [-Wunused-result]
     Rserv.c:3351:4: warning: ignoring return value of ‘chdir’, declared with attribute warn_unused_result [-Wunused-result]
     Rserv.c:3358:3: warning: ignoring return value of ‘chdir’, declared with attribute warn_unused_result [-Wunused-result]
     Rserv.c:2088:7: warning: ignoring return value of ‘setgid’, declared with attribute warn_unused_result [-Wunused-result]
     Rserv.c:2090:7: warning: ignoring return value of ‘setuid’, declared with attribute warn_unused_result [-Wunused-result]
     oc.c:47:5: warning: ‘RAND_pseudo_bytes’ is deprecated [-Wdeprecated-declarations]
Flavor: r-devel-linux-x86_64-fedora-gcc

Version: 1.7-3.1
Check: compiled code
Result: NOTE
    Note: information on .o files is not available
    File ‘/data/gannet/ripley/R/packages/tests-devel/Rserve.Rcheck/Rserve/libs/Rserve.so’:
     Found ‘exit’, possibly from ‘exit’ (C)
     Found ‘rand’, possibly from ‘rand’ (C)
     Found ‘random’, possibly from ‘random’ (C)
     Found ‘srandom’, possibly from ‘srandom’ (C)
    File ‘Rserve/libs/Rserve.so’:
     Found non-API call to R: ‘R_TempDir’
    File ‘Rserve/libs/Rserve.so’:
     Found no calls to: ‘R_registerRoutines’, ‘R_useDynamicSymbols’
    
    Compiled code should not call entry points which might terminate R nor
    write to stdout/stderr instead of to the console, nor use Fortran I/O
    nor system RNGs. The detected symbols are linked into the code but
    might come from libraries and not actually be called.
    Compiled code should not call non-API entry points in R.
    It is good practice to register native routines and to disable symbol
    search.
    
    See ‘Writing portable packages’ in the ‘Writing R Extensions’ manual.
Flavor: r-devel-linux-x86_64-fedora-gcc

Version: 1.7-3.1
Check: whether package can be installed
Result: WARN
    Found the following significant warnings:
     #warning Please include winsock2.h before windows.h
     qap_decode.c:200:41: warning: cast from pointer to integer of different size [-Wpointer-to-int-cast]
     qap_decode.c:200:54: warning: cast from pointer to integer of different size [-Wpointer-to-int-cast]
     qap_decode.c:238:34: warning: cast from pointer to integer of different size [-Wpointer-to-int-cast]
     qap_decode.c:238:55: warning: cast from pointer to integer of different size [-Wpointer-to-int-cast]
     qap_decode.c:244:39: warning: cast from pointer to integer of different size [-Wpointer-to-int-cast]
     qap_decode.c:244:60: warning: cast from pointer to integer of different size [-Wpointer-to-int-cast]
Flavors: r-devel-windows-ix86+x86_64, r-release-windows-ix86+x86_64, r-oldrel-windows-ix86+x86_64

Version: 1.7-3.1
Check: R code for possible problems
Result: NOTE
    Rserve: no visible global function definition for 'shortPathName'
    Undefined global functions or variables:
     shortPathName
    Consider adding
     importFrom("utils", "shortPathName")
    to your NAMESPACE file.
Flavors: r-devel-windows-ix86+x86_64, r-release-windows-ix86+x86_64, r-oldrel-windows-ix86+x86_64

Version: 1.7-3.1
Check: compiled code
Result: NOTE
    Note: information on .o files for i386 is not available
    Note: information on .o files for x64 is not available
    File 'd:/Rcompile/CRANpkg/lib/3.7/Rserve/libs/i386/Rserve.dll':
     Found 'abort', possibly from 'abort' (C), 'runtime' (Fortran)
     Found 'exit', possibly from 'exit' (C), 'stop' (Fortran)
     Found 'rand', possibly from 'rand' (C)
     Found 'srand', possibly from 'srand' (C)
    File 'd:/Rcompile/CRANpkg/lib/3.7/Rserve/libs/x64/Rserve.dll':
     Found 'abort', possibly from 'abort' (C), 'runtime' (Fortran)
     Found 'exit', possibly from 'exit' (C), 'stop' (Fortran)
     Found 'rand', possibly from 'rand' (C)
     Found 'srand', possibly from 'srand' (C)
    File 'Rserve/libs/i386/Rserve.dll':
     Found non-API calls to R: 'R_Interactive', 'Rf_initialize_R',
     'setup_Rmainloop'
    File 'Rserve/libs/x64/Rserve.dll':
     Found non-API calls to R: 'R_Interactive', 'Rf_initialize_R',
     'setup_Rmainloop'
    
    Compiled code should not call entry points which might terminate R nor
    write to stdout/stderr instead of to the console, nor use Fortran I/O
    nor system RNGs. The detected symbols are linked into the code but
    might come from libraries and not actually be called.
    Compiled code should not call non-API entry points in R.
    
    See 'Writing portable packages' in the 'Writing R Extensions' manual.
Flavor: r-devel-windows-ix86+x86_64

Version: 1.7-3.1
Check: compiled code
Result: NOTE
    Note: information on .o files is not available
    File ‘/home/hornik/tmp/R.check/r-patched-gcc/Work/build/Packages/Rserve/libs/Rserve.so’:
     Found ‘exit’, possibly from ‘exit’ (C)
     Found ‘rand’, possibly from ‘rand’ (C)
     Found ‘random’, possibly from ‘random’ (C)
     Found ‘srandom’, possibly from ‘srandom’ (C)
    File ‘Rserve/libs/Rserve.so’:
     Found non-API call to R: ‘R_TempDir’
    
    Compiled code should not call entry points which might terminate R nor
    write to stdout/stderr instead of to the console, nor use Fortran I/O
    nor system RNGs. The detected symbols are linked into the code but
    might come from libraries and not actually be called.
    Compiled code should not call non-API entry points in R.
    
    See ‘Writing portable packages’ in the ‘Writing R Extensions’ manual.
Flavor: r-patched-linux-x86_64

Version: 1.7-3.1
Check: whether package can be installed
Result: ERROR
    Installation failed.
Flavor: r-patched-solaris-x86

Version: 1.7-3.1
Check: compiled code
Result: NOTE
    Note: information on .o files is not available
    File ‘/home/hornik/tmp/R.check/r-release-gcc/Work/build/Packages/Rserve/libs/Rserve.so’:
     Found ‘exit’, possibly from ‘exit’ (C)
     Found ‘rand’, possibly from ‘rand’ (C)
     Found ‘random’, possibly from ‘random’ (C)
     Found ‘srandom’, possibly from ‘srandom’ (C)
    File ‘Rserve/libs/Rserve.so’:
     Found non-API call to R: ‘R_TempDir’
    
    Compiled code should not call entry points which might terminate R nor
    write to stdout/stderr instead of to the console, nor use Fortran I/O
    nor system RNGs. The detected symbols are linked into the code but
    might come from libraries and not actually be called.
    Compiled code should not call non-API entry points in R.
    
    See ‘Writing portable packages’ in the ‘Writing R Extensions’ manual.
Flavor: r-release-linux-x86_64

Version: 1.7-3.1
Check: compiled code
Result: NOTE
    Note: information on .o files for i386 is not available
    Note: information on .o files for x64 is not available
    File 'd:/Rcompile/CRANpkg/lib/3.6/Rserve/libs/i386/Rserve.dll':
     Found 'abort', possibly from 'abort' (C), 'runtime' (Fortran)
     Found 'exit', possibly from 'exit' (C), 'stop' (Fortran)
     Found 'rand', possibly from 'rand' (C)
     Found 'srand', possibly from 'srand' (C)
    File 'd:/Rcompile/CRANpkg/lib/3.6/Rserve/libs/x64/Rserve.dll':
     Found 'abort', possibly from 'abort' (C), 'runtime' (Fortran)
     Found 'exit', possibly from 'exit' (C), 'stop' (Fortran)
     Found 'rand', possibly from 'rand' (C)
     Found 'srand', possibly from 'srand' (C)
    File 'Rserve/libs/i386/Rserve.dll':
     Found non-API calls to R: 'R_Interactive', 'Rf_initialize_R',
     'setup_Rmainloop'
    File 'Rserve/libs/x64/Rserve.dll':
     Found non-API calls to R: 'R_Interactive', 'Rf_initialize_R',
     'setup_Rmainloop'
    
    Compiled code should not call entry points which might terminate R nor
    write to stdout/stderr instead of to the console, nor use Fortran I/O
    nor system RNGs. The detected symbols are linked into the code but
    might come from libraries and not actually be called.
    Compiled code should not call non-API entry points in R.
    
    See 'Writing portable packages' in the 'Writing R Extensions' manual.
Flavor: r-release-windows-ix86+x86_64

Version: 1.7-3.1
Check: compiled code
Result: NOTE
    Note: information on .o files is not available
    File ‘/Volumes/SSD-Data/Builds/R-dev-web/QA/Simon/packages/el-capitan-x86_64/results/3.6/Rserve.Rcheck/Rserve/libs/Rserve.so’:
     Found ‘_exit’, possibly from ‘exit’ (C)
     Found ‘_rand’, possibly from ‘rand’ (C)
     Found ‘_random’, possibly from ‘random’ (C)
     Found ‘_srandom’, possibly from ‘srandom’ (C)
    File ‘Rserve/libs/Rserve.so’:
     Found non-API call to R: ‘R_TempDir’
    
    Compiled code should not call entry points which might terminate R nor
    write to stdout/stderr instead of to the console, nor use Fortran I/O
    nor system RNGs. The detected symbols are linked into the code but
    might come from libraries and not actually be called.
    Compiled code should not call non-API entry points in R.
    
    See ‘Writing portable packages’ in the ‘Writing R Extensions’ manual.
Flavor: r-release-osx-x86_64

Version: 1.7-3.1
Check: compiled code
Result: NOTE
    Note: information on .o files for i386 is not available
    Note: information on .o files for x64 is not available
    File 'd:/Rcompile/CRANpkg/lib/3.5/Rserve/libs/i386/Rserve.dll':
     Found 'abort', possibly from 'abort' (C), 'runtime' (Fortran)
     Found 'exit', possibly from 'exit' (C), 'stop' (Fortran)
     Found 'rand', possibly from 'rand' (C)
     Found 'srand', possibly from 'srand' (C)
    File 'd:/Rcompile/CRANpkg/lib/3.5/Rserve/libs/x64/Rserve.dll':
     Found 'abort', possibly from 'abort' (C), 'runtime' (Fortran)
     Found 'exit', possibly from 'exit' (C), 'stop' (Fortran)
     Found 'rand', possibly from 'rand' (C)
     Found 'srand', possibly from 'srand' (C)
    File 'Rserve/libs/i386/Rserve.dll':
     Found non-API calls to R: 'R_Interactive', 'Rf_initialize_R',
     'setup_Rmainloop'
    File 'Rserve/libs/x64/Rserve.dll':
     Found non-API calls to R: 'R_Interactive', 'Rf_initialize_R',
     'setup_Rmainloop'
    
    Compiled code should not call entry points which might terminate R nor
    write to stdout/stderr instead of to the console, nor use Fortran I/O
    nor system RNGs. The detected symbols are linked into the code but
    might come from libraries and not actually be called.
    Compiled code should not call non-API entry points in R.
    
    See 'Writing portable packages' in the 'Writing R Extensions' manual.
Flavor: r-oldrel-windows-ix86+x86_64

Version: 1.7-3.1
Check: compiled code
Result: NOTE
    Note: information on .o files is not available
    File ‘/Volumes/SSD-Data/Builds/R-dev-web/QA/Simon/packages/el-capitan-x86_64/results/3.5/Rserve.Rcheck/Rserve/libs/Rserve.so’:
     Found ‘_exit’, possibly from ‘exit’ (C)
     Found ‘_rand’, possibly from ‘rand’ (C)
     Found ‘_random’, possibly from ‘random’ (C)
     Found ‘_srandom’, possibly from ‘srandom’ (C)
    File ‘Rserve/libs/Rserve.so’:
     Found non-API call to R: ‘R_TempDir’
    
    Compiled code should not call entry points which might terminate R nor
    write to stdout/stderr instead of to the console, nor use Fortran I/O
    nor system RNGs. The detected symbols are linked into the code but
    might come from libraries and not actually be called.
    Compiled code should not call non-API entry points in R.
    
    See ‘Writing portable packages’ in the ‘Writing R Extensions’ manual.
Flavor: r-oldrel-osx-x86_64