CRAN Package Check Results for Package Rxnat

Last updated on 2019-08-26 00:47:35 CEST.

Flavor Version Tinstall Tcheck Ttotal Status Flags
r-devel-linux-x86_64-debian-clang 1.0.6 2.65 30.38 33.03 OK
r-devel-linux-x86_64-debian-gcc 1.0.6 2.32 24.05 26.37 WARN
r-devel-linux-x86_64-fedora-clang 1.0.6 40.90 OK
r-devel-linux-x86_64-fedora-gcc 1.0.6 38.49 OK
r-devel-windows-ix86+x86_64 1.0.6 11.00 83.00 94.00 OK
r-patched-linux-x86_64 1.0.6 2.48 29.90 32.38 OK
r-patched-solaris-x86 1.0.6 61.00 OK
r-release-linux-x86_64 1.0.6 2.21 30.35 32.56 OK
r-release-windows-ix86+x86_64 1.0.6 7.00 125.00 132.00 OK
r-release-osx-x86_64 1.0.6 OK
r-oldrel-windows-ix86+x86_64 1.0.6 5.00 109.00 114.00 OK
r-oldrel-osx-x86_64 1.0.6 OK

Check Details

Version: 1.0.6
Check: re-building of vignette outputs
Result: WARN
    Error(s) in re-building vignettes:
     ...
    --- re-building ‘rxnat.Rmd’ using rmarkdown
    Quitting from lines 98-100 (rxnat.Rmd)
    Error: processing vignette 'rxnat.Rmd' failed with diagnostics:
    error during HTTP request
    --- failed re-building ‘rxnat.Rmd’
    
    SUMMARY: processing the following file failed:
     ‘rxnat.Rmd’
    
    Error: Vignette re-building failed.
    Execution halted
Flavor: r-devel-linux-x86_64-debian-gcc