CRAN Package Check Results for Package Rxnat

Last updated on 2020-01-22 00:49:15 CET.

Flavor Version Tinstall Tcheck Ttotal Status Flags
r-devel-linux-x86_64-debian-clang 1.0.6 3.02 33.89 36.91 OK
r-devel-linux-x86_64-debian-gcc 1.0.6 2.48 26.09 28.57 WARN
r-devel-linux-x86_64-fedora-clang 1.0.6 44.25 OK
r-devel-linux-x86_64-fedora-gcc 1.0.6 43.53 OK
r-devel-windows-ix86+x86_64 1.0.6 13.00 96.00 109.00 WARN
r-devel-windows-ix86+x86_64-gcc8 1.0.6 10.00 106.00 116.00 OK
r-patched-linux-x86_64 1.0.6 2.56 30.45 33.01 OK
r-patched-solaris-x86 1.0.6 61.30 OK
r-release-linux-x86_64 1.0.6 2.20 30.66 32.86 OK
r-release-windows-ix86+x86_64 1.0.6 4.00 85.00 89.00 OK
r-release-osx-x86_64 1.0.6 OK
r-oldrel-windows-ix86+x86_64 1.0.6 4.00 100.00 104.00 OK
r-oldrel-osx-x86_64 1.0.6 OK

Check Details

Version: 1.0.6
Check: re-building of vignette outputs
Result: WARN
    Error(s) in re-building vignettes:
     ...
    --- re-building ‘rxnat.Rmd’ using rmarkdown
    Quitting from lines 98-100 (rxnat.Rmd)
    Error: processing vignette 'rxnat.Rmd' failed with diagnostics:
    error during HTTP request
    --- failed re-building ‘rxnat.Rmd’
    
    SUMMARY: processing the following file failed:
     ‘rxnat.Rmd’
    
    Error: Vignette re-building failed.
    Execution halted
Flavor: r-devel-linux-x86_64-debian-gcc

Version: 1.0.6
Check: re-building of vignette outputs
Result: WARN
    Error(s) in re-building vignettes:
    --- re-building 'rxnat.Rmd' using rmarkdown
    Quitting from lines 98-100 (rxnat.Rmd)
    Error: processing vignette 'rxnat.Rmd' failed with diagnostics:
    error during HTTP request
    --- failed re-building 'rxnat.Rmd'
    
    SUMMARY: processing the following file failed:
     'rxnat.Rmd'
    
    Error: Vignette re-building failed.
    Execution halted
Flavor: r-devel-windows-ix86+x86_64