CRAN Package Check Results for Package SIGN

Last updated on 2019-07-16 00:48:26 CEST.

Flavor Version Tinstall Tcheck Ttotal Status Flags
r-devel-linux-x86_64-debian-clang 0.1.0 18.33 155.37 173.70 OK
r-devel-linux-x86_64-debian-gcc 0.1.0 16.73 122.51 139.24 OK
r-devel-linux-x86_64-fedora-clang 0.1.0 206.22 NOTE
r-devel-linux-x86_64-fedora-gcc 0.1.0 204.01 NOTE
r-devel-windows-ix86+x86_64 0.1.0 57.00 144.00 201.00 OK
r-patched-linux-x86_64 0.1.0 16.07 150.78 166.85 OK
r-patched-solaris-x86 0.1.0 312.30 NOTE
r-release-linux-x86_64 0.1.0 16.56 151.14 167.70 OK
r-release-windows-ix86+x86_64 0.1.0 38.00 201.00 239.00 OK
r-release-osx-x86_64 0.1.0 ERROR
r-oldrel-windows-ix86+x86_64 0.1.0 33.00 137.00 170.00 OK
r-oldrel-osx-x86_64 0.1.0 NOTE

Check Details

Version: 0.1.0
Check: dependencies in R code
Result: NOTE
    Namespace in Imports field not imported from: ‘utils’
     All declared Imports should be used.
Flavors: r-devel-linux-x86_64-fedora-clang, r-devel-linux-x86_64-fedora-gcc, r-patched-solaris-x86, r-oldrel-osx-x86_64

Version: 0.1.0
Check: package dependencies
Result: ERROR
    Packages required but not available: 'survcomp', 'GSVA'
    
    See section ‘The DESCRIPTION file’ in the ‘Writing R Extensions’
    manual.
Flavor: r-release-osx-x86_64