CRAN Package Check Results for Package SIGN

Last updated on 2019-10-22 00:52:35 CEST.

Flavor Version Tinstall Tcheck Ttotal Status Flags
r-devel-linux-x86_64-debian-clang 0.1.0 17.36 158.14 175.50 OK
r-devel-linux-x86_64-debian-gcc 0.1.0 16.14 122.68 138.82 OK
r-devel-linux-x86_64-fedora-clang 0.1.0 213.23 NOTE
r-devel-linux-x86_64-fedora-gcc 0.1.0 207.92 NOTE
r-devel-windows-ix86+x86_64 0.1.0 36.00 144.00 180.00 OK
r-patched-linux-x86_64 0.1.0 18.53 149.35 167.88 OK
r-patched-solaris-x86 0.1.0 313.90 NOTE
r-release-linux-x86_64 0.1.0 17.98 148.31 166.29 OK
r-release-windows-ix86+x86_64 0.1.0 54.00 229.00 283.00 OK
r-release-osx-x86_64 0.1.0 NOTE
r-oldrel-windows-ix86+x86_64 0.1.0 20.00 148.00 168.00 OK
r-oldrel-osx-x86_64 0.1.0 NOTE

Check Details

Version: 0.1.0
Check: dependencies in R code
Result: NOTE
    Namespace in Imports field not imported from: ‘utils’
     All declared Imports should be used.
Flavors: r-devel-linux-x86_64-fedora-clang, r-devel-linux-x86_64-fedora-gcc, r-patched-solaris-x86, r-release-osx-x86_64, r-oldrel-osx-x86_64