CRAN Package Check Results for Package SSDM

Last updated on 2019-09-21 00:52:54 CEST.

Flavor Version Tinstall Tcheck Ttotal Status Flags
r-devel-linux-x86_64-debian-clang 0.2.6 23.68 225.82 249.50 OK
r-devel-linux-x86_64-debian-gcc 0.2.6 22.56 174.36 196.92 OK
r-devel-linux-x86_64-fedora-clang 0.2.6 297.20 NOTE
r-devel-linux-x86_64-fedora-gcc 0.2.6 298.22 NOTE
r-devel-windows-ix86+x86_64 0.2.6 66.00 340.00 406.00 OK
r-patched-linux-x86_64 0.2.6 24.38 219.08 243.46 OK
r-patched-solaris-x86 0.2.6 442.50 NOTE
r-release-linux-x86_64 0.2.6 24.37 221.43 245.80 OK
r-release-windows-ix86+x86_64 0.2.6 40.00 261.00 301.00 OK
r-release-osx-x86_64 0.2.6 NOTE
r-oldrel-windows-ix86+x86_64 0.2.6 26.00 258.00 284.00 OK
r-oldrel-osx-x86_64 0.2.6 NOTE

Check Details

Version: 0.2.6
Check: dependencies in R code
Result: NOTE
    Namespace in Imports field not imported from: ‘shinyFiles’
     All declared Imports should be used.
Flavors: r-devel-linux-x86_64-fedora-clang, r-devel-linux-x86_64-fedora-gcc, r-patched-solaris-x86, r-release-osx-x86_64, r-oldrel-osx-x86_64