CRAN Package Check Results for Package SSDM

Last updated on 2020-02-21 00:49:56 CET.

Flavor Version Tinstall Tcheck Ttotal Status Flags
r-devel-linux-x86_64-debian-clang 0.2.7 32.02 315.52 347.54 WARN
r-devel-linux-x86_64-debian-gcc 0.2.7 25.33 244.97 270.30 OK
r-devel-linux-x86_64-fedora-clang 0.2.7 416.80 NOTE
r-devel-linux-x86_64-fedora-gcc 0.2.7 410.81 NOTE
r-devel-windows-ix86+x86_64 0.2.7 50.00 325.00 375.00 OK
r-devel-windows-ix86+x86_64-gcc8 0.2.7 9.00 8.00 17.00 ERROR
r-patched-linux-x86_64 0.2.7 25.44 287.36 312.80 OK
r-patched-solaris-x86 0.2.7 549.20 NOTE
r-release-linux-x86_64 0.2.7 27.05 287.04 314.09 OK
r-release-windows-ix86+x86_64 0.2.7 50.00 333.00 383.00 OK
r-release-osx-x86_64 0.2.7 NOTE
r-oldrel-windows-ix86+x86_64 0.2.7 54.00 468.00 522.00 OK
r-oldrel-osx-x86_64 0.2.7 NOTE

Check Details

Version: 0.2.7
Check: re-building of vignette outputs
Result: WARN
    Error(s) in re-building vignettes:
     ...
    --- re-building 'GUI.Rmd' using rmarkdown
    --- finished re-building 'GUI.Rmd'
    
    --- re-building 'SSDM.Rmd' using rmarkdown
    Quitting from lines 55-59 (SSDM.Rmd)
    Error: processing vignette 'SSDM.Rmd' failed with diagnostics:
    Not compatible with requested type: [type=character; target=double].
    --- failed re-building 'SSDM.Rmd'
    
    SUMMARY: processing the following file failed:
     'SSDM.Rmd'
    
    Error: Vignette re-building failed.
    Execution halted
Flavor: r-devel-linux-x86_64-debian-clang

Version: 0.2.7
Check: dependencies in R code
Result: NOTE
    Namespace in Imports field not imported from: ‘shinyFiles’
     All declared Imports should be used.
Flavors: r-devel-linux-x86_64-fedora-clang, r-devel-linux-x86_64-fedora-gcc, r-patched-solaris-x86, r-release-osx-x86_64, r-oldrel-osx-x86_64

Version: 0.2.7
Check: whether package can be installed
Result: ERROR
    Installation failed.
Flavor: r-devel-windows-ix86+x86_64-gcc8