CRAN Package Check Results for Package SSDforR

Last updated on 2020-02-24 00:48:55 CET.

Flavor Version Tinstall Tcheck Ttotal Status Flags
r-devel-linux-x86_64-debian-clang 1.5.12 19.18 109.66 128.84 OK
r-devel-linux-x86_64-debian-gcc 1.5.12 OK
r-devel-linux-x86_64-fedora-clang 1.5.12 151.87 OK
r-devel-linux-x86_64-fedora-gcc 1.5.12 151.37 OK
r-devel-windows-ix86+x86_64 1.5.12 26.00 117.00 143.00 OK
r-devel-windows-ix86+x86_64-gcc8 1.5.12 42.00 166.00 208.00 OK
r-patched-linux-x86_64 1.5.12 OK
r-patched-solaris-x86 1.5.12 214.10 OK
r-release-linux-x86_64 1.5.12 15.35 96.64 111.99 OK
r-release-windows-ix86+x86_64 1.5.12 23.00 117.00 140.00 OK
r-release-osx-x86_64 1.5.12 WARN
r-oldrel-windows-ix86+x86_64 1.5.12 17.00 104.00 121.00 OK
r-oldrel-osx-x86_64 1.5.12 WARN

Check Details

Version: 1.5.12
Check: dependencies in R code
Result: NOTE
    No protocol specified
    No protocol specified
Flavors: r-release-osx-x86_64, r-oldrel-osx-x86_64

Version: 1.5.12
Check: S3 generic/method consistency
Result: WARN
    No protocol specified
    No protocol specified
    See section ‘Generic functions and methods’ in the ‘Writing R
    Extensions’ manual.
Flavors: r-release-osx-x86_64, r-oldrel-osx-x86_64

Version: 1.5.12
Check: replacement functions
Result: WARN
    No protocol specified
    No protocol specified
    The argument of a replacement function which corresponds to the right
    hand side must be named ‘value’.
Flavors: r-release-osx-x86_64, r-oldrel-osx-x86_64

Version: 1.5.12
Check: foreign function calls
Result: NOTE
    No protocol specified
    No protocol specified
    See chapter ‘System and foreign language interfaces’ in the ‘Writing R
    Extensions’ manual.
Flavors: r-release-osx-x86_64, r-oldrel-osx-x86_64

Version: 1.5.12
Check: R code for possible problems
Result: NOTE
    No protocol specified
    No protocol specified
Flavors: r-release-osx-x86_64, r-oldrel-osx-x86_64

Version: 1.5.12
Check: for missing documentation entries
Result: WARN
    No protocol specified
    No protocol specified
    All user-level objects in a package should have documentation entries.
    See chapter ‘Writing R documentation files’ in the ‘Writing R
    Extensions’ manual.
Flavors: r-release-osx-x86_64, r-oldrel-osx-x86_64

Version: 1.5.12
Check: for code/documentation mismatches
Result: WARN
    No protocol specified
    No protocol specified
    No protocol specified
    No protocol specified
    No protocol specified
    No protocol specified
Flavors: r-release-osx-x86_64, r-oldrel-osx-x86_64

Version: 1.5.12
Check: Rd \usage sections
Result: NOTE
    No protocol specified
    No protocol specified
    The \usage entries for S3 methods should use the \method markup and not
    their full name.
    See chapter ‘Writing R documentation files’ in the ‘Writing R
    Extensions’ manual.
Flavors: r-release-osx-x86_64, r-oldrel-osx-x86_64