CRAN Package Check Results for Package SeerMapper

Last updated on 2019-10-15 00:50:07 CEST.

Flavor Version Tinstall Tcheck Ttotal Status Flags
r-devel-linux-x86_64-debian-clang 1.2.0 8.18 88.58 96.76 NOTE
r-devel-linux-x86_64-debian-gcc 1.2.0 6.88 71.34 78.22 NOTE
r-devel-linux-x86_64-fedora-clang 1.2.0 118.74 NOTE
r-devel-linux-x86_64-fedora-gcc 1.2.0 121.85 NOTE
r-devel-windows-ix86+x86_64 1.2.0 16.00 126.00 142.00 OK
r-patched-linux-x86_64 1.2.0 6.68 86.90 93.58 OK
r-patched-solaris-x86 1.2.0 177.70 OK
r-release-linux-x86_64 1.2.0 7.07 88.34 95.41 OK
r-release-windows-ix86+x86_64 1.2.0 27.00 171.00 198.00 OK
r-release-osx-x86_64 1.2.0 OK
r-oldrel-windows-ix86+x86_64 1.2.0 11.00 81.00 92.00 OK
r-oldrel-osx-x86_64 1.2.0 OK

Check Details

Version: 1.2.0
Check: for non-standard things in the check directory
Result: NOTE
    Found the following files/directories:
     'SM-Ex-H04 GA Co 2010 hatch-ge mean popdens-d15 a60.pdf' 'SM-Ex-c30
     Kentucky All Co Map w hatching-defaults.pdf' 'SM-Ex-c64 GA
     Counties10-PC age 65 and up-def.pdf'
     'SM-Ex-c80-WashBalt-County-CSA-def.pdf' 'SM-Ex-s01 States Map of
     Cancer Mortality-defaults.pdf' 'SM-Ex-s02 States Map of Cancer
     Mortality-w hatching.pdf' 'SM-Ex-sr11 Seer Reg 17 Map stB-A
     srB-D.pdf' 'SM-Ex-tr74-WA-Dem-All-Census-Tracts-PCgt65-def.pdf'
     'SM-Ex-tr78-WA-Dem-P-Tract-trB-sr.pdf'
Flavors: r-devel-linux-x86_64-debian-clang, r-devel-linux-x86_64-debian-gcc, r-devel-linux-x86_64-fedora-clang, r-devel-linux-x86_64-fedora-gcc