CRAN Package Check Results for Package Segmentor3IsBack

Last updated on 2019-12-16 00:49:09 CET.

Flavor Version Tinstall Tcheck Ttotal Status Flags
r-devel-linux-x86_64-debian-clang 2.0 20.76 33.22 53.98 WARN
r-devel-linux-x86_64-debian-gcc 2.0 12.59 28.31 40.90 OK
r-devel-linux-x86_64-fedora-clang 2.0 80.97 WARN
r-devel-linux-x86_64-fedora-gcc 2.0 65.44 NOTE
r-devel-windows-ix86+x86_64 2.0 63.00 114.00 177.00 OK
r-devel-windows-ix86+x86_64-gcc8 2.0 44.00 92.00 136.00 OK
r-patched-linux-x86_64 2.0 13.89 33.16 47.05 OK
r-patched-solaris-x86 2.0 120.90 OK
r-release-linux-x86_64 2.0 13.71 32.91 46.62 OK
r-release-windows-ix86+x86_64 2.0 35.00 104.00 139.00 OK
r-release-osx-x86_64 2.0 WARN
r-oldrel-windows-ix86+x86_64 2.0 36.00 77.00 113.00 OK
r-oldrel-osx-x86_64 2.0 WARN

Check Details

Version: 2.0
Check: whether package can be installed
Result: WARN
    Found the following significant warnings:
     BinNegative.cpp:108:5: warning: assigning field to itself [-Wself-assign-field]
Flavors: r-devel-linux-x86_64-debian-clang, r-devel-linux-x86_64-fedora-clang, r-release-osx-x86_64, r-oldrel-osx-x86_64

Version: 2.0
Check: compiled code
Result: NOTE
    File ‘Segmentor3IsBack/libs/Segmentor3IsBack.so’:
     Found no calls to: ‘R_registerRoutines’, ‘R_useDynamicSymbols’
    
    It is good practice to register native routines and to disable symbol
    search.
    
    See ‘Writing portable packages’ in the ‘Writing R Extensions’ manual.
Flavors: r-devel-linux-x86_64-fedora-clang, r-devel-linux-x86_64-fedora-gcc