CRAN Package Check Results for Package SelectBoost

Last updated on 2019-08-19 00:46:34 CEST.

Flavor Version Tinstall Tcheck Ttotal Status Flags
r-devel-linux-x86_64-debian-clang 1.4.0 15.21 109.07 124.28 OK
r-devel-linux-x86_64-debian-gcc 1.4.0 14.46 86.87 101.33 OK
r-devel-linux-x86_64-fedora-clang 1.4.0 153.25 NOTE
r-devel-linux-x86_64-fedora-gcc 1.4.0 148.76 NOTE
r-devel-windows-ix86+x86_64 1.4.0 38.00 171.00 209.00 OK
r-patched-linux-x86_64 1.4.0 12.75 108.56 121.31 OK
r-patched-solaris-x86 1.4.0 251.30 NOTE
r-release-linux-x86_64 1.4.0 14.54 106.90 121.44 OK
r-release-windows-ix86+x86_64 1.4.0 25.00 123.00 148.00 OK
r-release-osx-x86_64 1.4.0 ERROR
r-oldrel-windows-ix86+x86_64 1.4.0 26.00 146.00 172.00 OK
r-oldrel-osx-x86_64 1.4.0 NOTE

Check Details

Version: 1.4.0
Check: dependencies in R code
Result: NOTE
    Namespace in Imports field not imported from: ‘parallel’
     All declared Imports should be used.
Flavors: r-devel-linux-x86_64-fedora-clang, r-devel-linux-x86_64-fedora-gcc, r-patched-solaris-x86, r-oldrel-osx-x86_64

Version: 1.4.0
Check: package dependencies
Result: ERROR
    Package required but not available: ‘Cascade’
    
    Package suggested but not available for checking: ‘mixOmics’
    
    See section ‘The DESCRIPTION file’ in the ‘Writing R Extensions’
    manual.
Flavor: r-release-osx-x86_64