CRAN Package Check Results for Package SelectBoost

Last updated on 2019-12-06 00:50:12 CET.

Flavor Version Tinstall Tcheck Ttotal Status Flags
r-devel-linux-x86_64-debian-clang 1.4.0 15.56 119.50 135.06 OK
r-devel-linux-x86_64-debian-gcc 1.4.0 14.59 92.15 106.74 OK
r-devel-linux-x86_64-fedora-clang 1.4.0 156.56 NOTE
r-devel-linux-x86_64-fedora-gcc 1.4.0 162.71 NOTE
r-devel-windows-ix86+x86_64 1.4.0 25.00 203.00 228.00 OK
r-devel-windows-ix86+x86_64-gcc8 1.4.0 28.00 142.00 170.00 OK
r-patched-linux-x86_64 1.4.0 14.21 105.38 119.59 OK
r-patched-solaris-x86 1.4.0 222.60 NOTE
r-release-linux-x86_64 1.4.0 13.73 106.36 120.09 OK
r-release-windows-ix86+x86_64 1.4.0 33.00 120.00 153.00 OK
r-release-osx-x86_64 1.4.0 NOTE
r-oldrel-windows-ix86+x86_64 1.4.0 18.00 165.00 183.00 OK
r-oldrel-osx-x86_64 1.4.0 NOTE

Check Details

Version: 1.4.0
Check: dependencies in R code
Result: NOTE
    Namespace in Imports field not imported from: ‘parallel’
     All declared Imports should be used.
Flavors: r-devel-linux-x86_64-fedora-clang, r-devel-linux-x86_64-fedora-gcc, r-patched-solaris-x86, r-release-osx-x86_64, r-oldrel-osx-x86_64