CRAN Package Check Results for Package Seurat

Last updated on 2019-07-16 00:48:26 CEST.

Flavor Version Tinstall Tcheck Ttotal Status Flags
r-devel-linux-x86_64-debian-clang 3.0.2 94.02 298.91 392.93 NOTE
r-devel-linux-x86_64-debian-gcc 3.0.2 78.85 242.04 320.89 NOTE
r-devel-linux-x86_64-fedora-clang 3.0.2 482.97 NOTE
r-devel-linux-x86_64-fedora-gcc 3.0.2 474.36 NOTE
r-devel-windows-ix86+x86_64 3.0.2 246.00 638.00 884.00 NOTE
r-patched-linux-x86_64 3.0.2 89.06 297.78 386.84 NOTE
r-patched-solaris-x86 3.0.2 632.60 NOTE
r-release-linux-x86_64 3.0.2 89.51 294.77 384.28 NOTE
r-release-windows-ix86+x86_64 3.0.2 173.00 506.00 679.00 NOTE
r-release-osx-x86_64 3.0.2 NOTE
r-oldrel-windows-ix86+x86_64 3.0.2 219.00 466.00 685.00 NOTE
r-oldrel-osx-x86_64 3.0.2 NOTE

Check Details

Version: 3.0.2
Check: package dependencies
Result: NOTE
    Package suggested but not available for checking: 'loomR'
Flavors: r-devel-linux-x86_64-debian-clang, r-devel-linux-x86_64-debian-gcc, r-devel-windows-ix86+x86_64, r-patched-linux-x86_64, r-release-linux-x86_64, r-release-windows-ix86+x86_64, r-oldrel-windows-ix86+x86_64

Version: 3.0.2
Check: Rd cross-references
Result: NOTE
    Package unavailable to check Rd xrefs: 'loomR'
Flavors: r-devel-linux-x86_64-debian-clang, r-devel-linux-x86_64-debian-gcc, r-devel-linux-x86_64-fedora-clang, r-devel-linux-x86_64-fedora-gcc, r-devel-windows-ix86+x86_64, r-patched-linux-x86_64, r-patched-solaris-x86, r-release-linux-x86_64, r-release-windows-ix86+x86_64, r-release-osx-x86_64, r-oldrel-windows-ix86+x86_64, r-oldrel-osx-x86_64

Version: 3.0.2
Check: package dependencies
Result: NOTE
    Packages suggested but not available for checking:
     'loomR', 'MAST', 'monocle'
Flavors: r-devel-linux-x86_64-fedora-clang, r-devel-linux-x86_64-fedora-gcc

Version: 3.0.2
Check: installed package size
Result: NOTE
     installed size is 9.0Mb
     sub-directories of 1Mb or more:
     libs 7.5Mb
Flavors: r-devel-linux-x86_64-fedora-clang, r-release-osx-x86_64, r-oldrel-osx-x86_64

Version: 3.0.2
Check: package dependencies
Result: NOTE
    Packages suggested but not available for checking: 'loomR', 'monocle'
Flavor: r-patched-solaris-x86

Version: 3.0.2
Check: package dependencies
Result: NOTE
    Packages suggested but not available for checking:
     'loomR', 'S4Vectors', 'SummarizedExperiment', 'SingleCellExperiment',
     'MAST', 'DESeq2', 'GenomicRanges', 'GenomeInfoDb', 'IRanges',
     'rtracklayer', 'monocle', 'Biobase'
Flavor: r-release-osx-x86_64

Version: 3.0.2
Check: package dependencies
Result: NOTE
    Packages suggested but not available for checking:
     ‘loomR’ ‘SingleCellExperiment’ ‘MAST’ ‘rtracklayer’ ‘monocle’
Flavor: r-oldrel-osx-x86_64