CRAN Package Check Results for Package SimRVPedigree

Last updated on 2019-09-22 00:47:49 CEST.

Flavor Version Tinstall Tcheck Ttotal Status Flags
r-devel-linux-x86_64-debian-clang 0.3.0 7.21 228.16 235.37 OK
r-devel-linux-x86_64-debian-gcc 0.3.0 6.44 167.66 174.10 OK
r-devel-linux-x86_64-fedora-clang 0.3.0 265.99 NOTE
r-devel-linux-x86_64-fedora-gcc 0.3.0 273.73 NOTE
r-devel-windows-ix86+x86_64 0.3.0 22.00 288.00 310.00 OK
r-patched-linux-x86_64 0.3.0 8.06 240.03 248.09 OK
r-patched-solaris-x86 0.3.0 339.20 NOTE
r-release-linux-x86_64 0.3.0 6.97 221.98 228.95 OK
r-release-windows-ix86+x86_64 0.3.0 14.00 231.00 245.00 OK
r-release-osx-x86_64 0.3.0 NOTE
r-oldrel-windows-ix86+x86_64 0.3.0 9.00 114.00 123.00 OK
r-oldrel-osx-x86_64 0.3.0 NOTE

Check Details

Version: 0.3.0
Check: dependencies in R code
Result: NOTE
    Namespace in Imports field not imported from: ‘dplyr’
     All declared Imports should be used.
Flavors: r-devel-linux-x86_64-fedora-clang, r-devel-linux-x86_64-fedora-gcc, r-patched-solaris-x86, r-release-osx-x86_64, r-oldrel-osx-x86_64