CRAN Package Check Results for Package SimRepeat

Last updated on 2019-11-12 00:52:56 CET.

Flavor Version Tinstall Tcheck Ttotal Status Flags
r-devel-linux-x86_64-debian-clang 0.1.0 25.59 282.46 308.05 OK
r-devel-linux-x86_64-debian-gcc 0.1.0 21.05 210.89 231.94 OK
r-devel-linux-x86_64-fedora-clang 0.1.0 347.25 NOTE
r-devel-linux-x86_64-fedora-gcc 0.1.0 347.31 NOTE
r-devel-windows-ix86+x86_64 0.1.0 43.00 286.00 329.00 OK
r-patched-linux-x86_64 0.1.0 26.03 265.40 291.43 OK
r-patched-solaris-x86 0.1.0 471.40 NOTE
r-release-linux-x86_64 0.1.0 21.30 265.74 287.04 OK
r-release-windows-ix86+x86_64 0.1.0 58.00 345.00 403.00 OK
r-release-osx-x86_64 0.1.0 NOTE
r-oldrel-windows-ix86+x86_64 0.1.0 43.00 350.00 393.00 OK
r-oldrel-osx-x86_64 0.1.0 NOTE

Check Details

Version: 0.1.0
Check: dependencies in R code
Result: NOTE
    Namespaces in Imports field not imported from:
     ‘BB’ ‘MASS’ ‘ggplot2’ ‘grid’ ‘triangle’
     All declared Imports should be used.
Flavors: r-devel-linux-x86_64-fedora-clang, r-devel-linux-x86_64-fedora-gcc, r-patched-solaris-x86, r-release-osx-x86_64, r-oldrel-osx-x86_64