CRAN Package Check Results for Package SimRepeat

Last updated on 2019-07-16 00:48:26 CEST.

Flavor Version Tinstall Tcheck Ttotal Status Flags
r-devel-linux-x86_64-debian-clang 0.1.0 26.84 276.97 303.81 OK
r-devel-linux-x86_64-debian-gcc 0.1.0 21.02 209.58 230.60 OK
r-devel-linux-x86_64-fedora-clang 0.1.0 343.10 NOTE
r-devel-linux-x86_64-fedora-gcc 0.1.0 341.54 NOTE
r-devel-windows-ix86+x86_64 0.1.0 57.00 360.00 417.00 OK
r-patched-linux-x86_64 0.1.0 24.46 279.82 304.28 OK
r-patched-solaris-x86 0.1.0 491.80 NOTE
r-release-linux-x86_64 0.1.0 22.99 273.46 296.45 OK
r-release-windows-ix86+x86_64 0.1.0 37.00 358.00 395.00 OK
r-release-osx-x86_64 0.1.0 NOTE
r-oldrel-windows-ix86+x86_64 0.1.0 43.00 261.00 304.00 OK
r-oldrel-osx-x86_64 0.1.0 NOTE

Check Details

Version: 0.1.0
Check: dependencies in R code
Result: NOTE
    Namespaces in Imports field not imported from:
     ‘BB’ ‘MASS’ ‘ggplot2’ ‘grid’ ‘triangle’
     All declared Imports should be used.
Flavors: r-devel-linux-x86_64-fedora-clang, r-devel-linux-x86_64-fedora-gcc, r-patched-solaris-x86, r-release-osx-x86_64, r-oldrel-osx-x86_64