CRAN Package Check Results for Package SmartEDA

Last updated on 2019-12-06 00:50:13 CET.

Flavor Version Tinstall Tcheck Ttotal Status Flags
r-devel-linux-x86_64-debian-clang 0.3.2 7.25 105.37 112.62 OK
r-devel-linux-x86_64-debian-gcc 0.3.2 5.90 89.19 95.09 OK
r-devel-linux-x86_64-fedora-clang 0.3.2 117.60 NOTE
r-devel-linux-x86_64-fedora-gcc 0.3.2 115.84 NOTE
r-devel-windows-ix86+x86_64 0.3.2 15.00 154.00 169.00 OK
r-devel-windows-ix86+x86_64-gcc8 0.3.2 17.00 133.00 150.00 OK
r-patched-linux-x86_64 0.3.2 6.71 92.99 99.70 OK
r-patched-solaris-x86 0.3.2 121.10 WARN
r-release-linux-x86_64 0.3.2 6.40 95.83 102.23 OK
r-release-windows-ix86+x86_64 0.3.2 12.00 105.00 117.00 OK
r-release-osx-x86_64 0.3.2 WARN
r-oldrel-windows-ix86+x86_64 0.3.2 10.00 145.00 155.00 OK
r-oldrel-osx-x86_64 0.3.2 WARN

Check Details

Version: 0.3.2
Check: dependencies in R code
Result: NOTE
    Namespace in Imports field not imported from: ‘ISLR’
     All declared Imports should be used.
Flavors: r-devel-linux-x86_64-fedora-clang, r-devel-linux-x86_64-fedora-gcc, r-patched-solaris-x86, r-release-osx-x86_64, r-oldrel-osx-x86_64

Version: 0.3.2
Check: re-building of vignette outputs
Result: WARN
    Error(s) in re-building vignettes:
     ...
    --- re-building ‘CustomTable.Rmd’ using rmarkdown
    Warning in engine$weave(file, quiet = quiet, encoding = enc) :
     Pandoc (>= 1.12.3) and/or pandoc-citeproc not available. Falling back to R Markdown v1.
    --- finished re-building ‘CustomTable.Rmd’
    
    --- re-building ‘SmartEDA.Rmd’ using rmarkdown
    Warning in engine$weave(file, quiet = quiet, encoding = enc) :
     Pandoc (>= 1.12.3) and/or pandoc-citeproc not available. Falling back to R Markdown v1.
    Quitting from lines 132-133 (SmartEDA.Rmd)
    Error: processing vignette 'SmartEDA.Rmd' failed with diagnostics:
    unused argument (options = options)
    --- failed re-building ‘SmartEDA.Rmd’
    
    SUMMARY: processing the following file failed:
     ‘SmartEDA.Rmd’
    
    Error: Vignette re-building failed.
    Execution halted
Flavors: r-patched-solaris-x86, r-release-osx-x86_64

Version: 0.3.2
Check: re-building of vignette outputs
Result: WARN
    Error in re-building vignettes:
     ...
    Warning in engine$weave(file, quiet = quiet, encoding = enc) :
     Pandoc (>= 1.12.3) and/or pandoc-citeproc not available. Falling back to R Markdown v1.
    Quitting from lines 132-133 (SmartEDA.Rmd)
    Error: processing vignette 'SmartEDA.Rmd' failed with diagnostics:
    unused argument (options = options)
    Execution halted
Flavor: r-oldrel-osx-x86_64