CRAN Package Check Results for Package SmartSVA

Last updated on 2019-10-20 00:47:42 CEST.

Flavor Version Tinstall Tcheck Ttotal Status Flags
r-devel-linux-x86_64-debian-clang 0.1.3 39.10 167.13 206.23 OK
r-devel-linux-x86_64-debian-gcc 0.1.3 32.25 128.99 161.24 OK
r-devel-linux-x86_64-fedora-clang 0.1.3 261.74 OK
r-devel-linux-x86_64-fedora-gcc 0.1.3 252.95 OK
r-devel-windows-ix86+x86_64 0.1.3 65.00 327.00 392.00 OK
r-patched-linux-x86_64 0.1.3 36.16 155.99 192.15 OK
r-patched-solaris-x86 0.1.3 356.90 OK
r-release-linux-x86_64 0.1.3 34.26 158.45 192.71 OK
r-release-windows-ix86+x86_64 0.1.3 69.00 309.00 378.00 OK
r-release-osx-x86_64 0.1.3 WARN
r-oldrel-windows-ix86+x86_64 0.1.3 59.00 219.00 278.00 OK
r-oldrel-osx-x86_64 0.1.3 OK

Check Details

Version: 0.1.3
Check: whether package can be installed
Result: WARN
    Found the following significant warnings:
     Warning: package ‘BiocParallel’ was built under R version 3.6.1
Flavor: r-release-osx-x86_64