CRAN Package Check Results for Package SmartSVA

Last updated on 2019-07-16 00:48:27 CEST.

Flavor Version Tinstall Tcheck Ttotal Status Flags
r-devel-linux-x86_64-debian-clang 0.1.3 35.66 165.51 201.17 OK
r-devel-linux-x86_64-debian-gcc 0.1.3 31.33 128.55 159.88 OK
r-devel-linux-x86_64-fedora-clang 0.1.3 249.76 OK
r-devel-linux-x86_64-fedora-gcc 0.1.3 240.76 OK
r-devel-windows-ix86+x86_64 0.1.3 106.00 217.00 323.00 OK
r-patched-linux-x86_64 0.1.3 35.51 159.75 195.26 OK
r-patched-solaris-x86 0.1.3 360.70 OK
r-release-linux-x86_64 0.1.3 34.47 158.93 193.40 OK
r-release-windows-ix86+x86_64 0.1.3 67.00 303.00 370.00 OK
r-release-osx-x86_64 0.1.3 ERROR
r-oldrel-windows-ix86+x86_64 0.1.3 80.00 204.00 284.00 OK
r-oldrel-osx-x86_64 0.1.3 OK

Check Details

Version: 0.1.3
Check: package dependencies
Result: ERROR
    Packages required but not available: 'sva', 'isva'
    
    See section ‘The DESCRIPTION file’ in the ‘Writing R Extensions’
    manual.
Flavor: r-release-osx-x86_64