CRAN Package Check Results for Package SolveRationalMatrixEquation

Last updated on 2019-07-16 00:48:27 CEST.

Flavor Version Tinstall Tcheck Ttotal Status Flags
r-devel-linux-x86_64-debian-clang 0.1.0 1.34 18.61 19.95 NOTE
r-devel-linux-x86_64-debian-gcc 0.1.0 1.18 15.18 16.36 NOTE
r-devel-linux-x86_64-fedora-clang 0.1.0 24.84 OK
r-devel-linux-x86_64-fedora-gcc 0.1.0 23.58 OK
r-devel-windows-ix86+x86_64 0.1.0 6.00 47.00 53.00 OK
r-patched-linux-x86_64 0.1.0 1.48 18.79 20.27 OK
r-patched-solaris-x86 0.1.0 40.80 OK
r-release-linux-x86_64 0.1.0 1.45 18.58 20.03 OK
r-release-windows-ix86+x86_64 0.1.0 4.00 42.00 46.00 OK
r-release-osx-x86_64 0.1.0 OK
r-oldrel-windows-ix86+x86_64 0.1.0 3.00 33.00 36.00 OK
r-oldrel-osx-x86_64 0.1.0 OK

Check Details

Version: 0.1.0
Check: package vignettes
Result: NOTE
    Package vignette with placeholder title 'Vignette Title':
     'SolveRationalMatrixEquation.Rmd'
Flavors: r-devel-linux-x86_64-debian-clang, r-devel-linux-x86_64-debian-gcc