CRAN Package Check Results for Package SolveRationalMatrixEquation

Last updated on 2019-11-12 00:52:56 CET.

Flavor Version Tinstall Tcheck Ttotal Status Flags
r-devel-linux-x86_64-debian-clang 0.1.0 1.78 18.68 20.46 NOTE
r-devel-linux-x86_64-debian-gcc 0.1.0 1.47 15.19 16.66 NOTE
r-devel-linux-x86_64-fedora-clang 0.1.0 25.47 OK
r-devel-linux-x86_64-fedora-gcc 0.1.0 25.02 OK
r-devel-windows-ix86+x86_64 0.1.0 5.00 31.00 36.00 NOTE
r-patched-linux-x86_64 0.1.0 1.41 18.36 19.77 OK
r-patched-solaris-x86 0.1.0 39.40 OK
r-release-linux-x86_64 0.1.0 1.44 18.08 19.52 OK
r-release-windows-ix86+x86_64 0.1.0 7.00 34.00 41.00 OK
r-release-osx-x86_64 0.1.0 OK
r-oldrel-windows-ix86+x86_64 0.1.0 4.00 44.00 48.00 OK
r-oldrel-osx-x86_64 0.1.0 OK

Check Details

Version: 0.1.0
Check: package vignettes
Result: NOTE
    Package vignette with placeholder title 'Vignette Title':
     'SolveRationalMatrixEquation.Rmd'
Flavors: r-devel-linux-x86_64-debian-clang, r-devel-linux-x86_64-debian-gcc, r-devel-windows-ix86+x86_64