CRAN Package Check Results for Package SoyNAM

Last updated on 2019-05-20 00:48:05 CEST.

Flavor Version Tinstall Tcheck Ttotal Status Flags
r-devel-linux-x86_64-debian-clang 1.6 6.64 73.83 80.47 OK
r-devel-linux-x86_64-debian-gcc 1.6 6.26 59.14 65.40 OK
r-devel-linux-x86_64-fedora-clang 1.6 97.03 NOTE
r-devel-linux-x86_64-fedora-gcc 1.6 94.53 OK
r-devel-windows-ix86+x86_64 1.6 22.00 116.00 138.00 NOTE
r-patched-linux-x86_64 1.6 6.86 72.84 79.70 OK
r-patched-solaris-x86 1.6 175.10 NOTE
r-release-linux-x86_64 1.6 7.42 72.47 79.89 OK
r-release-windows-ix86+x86_64 1.6 21.00 110.00 131.00 NOTE
r-release-osx-x86_64 1.6 NOTE
r-oldrel-windows-ix86+x86_64 1.6 15.00 114.00 129.00 NOTE
r-oldrel-osx-x86_64 1.6 NOTE

Check Details

Version: 1.6
Check: installed package size
Result: NOTE
     installed size is 5.3Mb
     sub-directories of 1Mb or more:
     data 5.2Mb
Flavors: r-devel-linux-x86_64-fedora-clang, r-devel-windows-ix86+x86_64, r-patched-solaris-x86, r-release-windows-ix86+x86_64, r-release-osx-x86_64, r-oldrel-windows-ix86+x86_64, r-oldrel-osx-x86_64