CRAN Package Check Results for Package SoyNAM

Last updated on 2019-11-22 00:49:27 CET.

Flavor Version Tinstall Tcheck Ttotal Status Flags
r-devel-linux-x86_64-debian-clang 1.6 7.50 74.73 82.23 OK
r-devel-linux-x86_64-debian-gcc 1.6 7.62 63.55 71.17 OK
r-devel-linux-x86_64-fedora-clang 1.6 99.94 NOTE
r-devel-linux-x86_64-fedora-gcc 1.6 103.89 OK
r-devel-windows-ix86+x86_64 1.6 29.00 119.00 148.00 NOTE
r-devel-windows-ix86+x86_64-gcc8 1.6 18.00 89.00 107.00 NOTE
r-patched-linux-x86_64 1.6 7.53 72.34 79.87 OK
r-patched-solaris-x86 1.6 168.80 NOTE
r-release-linux-x86_64 1.6 7.84 70.92 78.76 OK
r-release-windows-ix86+x86_64 1.6 22.00 125.00 147.00 NOTE
r-release-osx-x86_64 1.6 NOTE
r-oldrel-windows-ix86+x86_64 1.6 8.00 113.00 121.00 NOTE
r-oldrel-osx-x86_64 1.6 NOTE

Check Details

Version: 1.6
Check: installed package size
Result: NOTE
     installed size is 5.3Mb
     sub-directories of 1Mb or more:
     data 5.2Mb
Flavors: r-devel-linux-x86_64-fedora-clang, r-devel-windows-ix86+x86_64, r-devel-windows-ix86+x86_64-gcc8, r-patched-solaris-x86, r-release-windows-ix86+x86_64, r-release-osx-x86_64, r-oldrel-windows-ix86+x86_64, r-oldrel-osx-x86_64