CRAN Package Check Results for Package SpaCCr

Last updated on 2019-07-16 00:48:27 CEST.

Flavor Version Tinstall Tcheck Ttotal Status Flags
r-devel-linux-x86_64-debian-clang 0.1.0 28.34 56.19 84.53 OK
r-devel-linux-x86_64-debian-gcc 0.1.0 22.74 43.41 66.15 OK
r-devel-linux-x86_64-fedora-clang 0.1.0 105.58 NOTE
r-devel-linux-x86_64-fedora-gcc 0.1.0 103.83 NOTE
r-devel-windows-ix86+x86_64 0.1.0 76.00 154.00 230.00 OK
r-patched-linux-x86_64 0.1.0 28.95 54.40 83.35 OK
r-patched-solaris-x86 0.1.0 133.20 OK
r-release-linux-x86_64 0.1.0 25.53 54.77 80.30 OK
r-release-windows-ix86+x86_64 0.1.0 55.00 143.00 198.00 OK
r-release-osx-x86_64 0.1.0 OK
r-oldrel-windows-ix86+x86_64 0.1.0 66.00 141.00 207.00 OK
r-oldrel-osx-x86_64 0.1.0 OK

Check Details

Version: 0.1.0
Check: compiled code
Result: NOTE
    File ‘SpaCCr/libs/SpaCCr.so’:
     Found no calls to: ‘R_registerRoutines’, ‘R_useDynamicSymbols’
    
    It is good practice to register native routines and to disable symbol
    search.
    
    See ‘Writing portable packages’ in the ‘Writing R Extensions’ manual.
Flavors: r-devel-linux-x86_64-fedora-clang, r-devel-linux-x86_64-fedora-gcc