CRAN Package Check Results for Package SpaDES.addins

Last updated on 2019-07-16 00:48:27 CEST.

Flavor Version Tinstall Tcheck Ttotal Status Flags
r-devel-linux-x86_64-debian-clang 0.1.2 20.69 149.21 169.90 OK
r-devel-linux-x86_64-debian-gcc 0.1.2 16.50 118.02 134.52 OK
r-devel-linux-x86_64-fedora-clang 0.1.2 204.74 NOTE
r-devel-linux-x86_64-fedora-gcc 0.1.2 199.52 NOTE
r-devel-windows-ix86+x86_64 0.1.2 54.00 237.00 291.00 OK
r-patched-linux-x86_64 0.1.2 21.10 146.04 167.14 OK
r-patched-solaris-x86 0.1.2 343.10 NOTE
r-release-linux-x86_64 0.1.2 21.40 146.15 167.55 OK
r-release-windows-ix86+x86_64 0.1.2 39.00 152.00 191.00 OK
r-release-osx-x86_64 0.1.2 NOTE
r-oldrel-windows-ix86+x86_64 0.1.2 36.00 205.00 241.00 OK
r-oldrel-osx-x86_64 0.1.2 NOTE

Check Details

Version: 0.1.2
Check: dependencies in R code
Result: NOTE
    Namespaces in Imports field not imported from:
     ‘devtools’ ‘rstudioapi’
     All declared Imports should be used.
Flavors: r-devel-linux-x86_64-fedora-clang, r-devel-linux-x86_64-fedora-gcc, r-patched-solaris-x86, r-release-osx-x86_64, r-oldrel-osx-x86_64