CRAN Package Check Results for Package SpaDES.addins

Last updated on 2019-11-12 00:52:56 CET.

Flavor Version Tinstall Tcheck Ttotal Status Flags
r-devel-linux-x86_64-debian-clang 0.1.2 18.16 155.62 173.78 OK
r-devel-linux-x86_64-debian-gcc 0.1.2 17.27 117.80 135.07 OK
r-devel-linux-x86_64-fedora-clang 0.1.2 209.45 NOTE
r-devel-linux-x86_64-fedora-gcc 0.1.2 210.67 NOTE
r-devel-windows-ix86+x86_64 0.1.2 45.00 158.00 203.00 OK
r-patched-linux-x86_64 0.1.2 16.73 147.27 164.00 OK
r-patched-solaris-x86 0.1.2 335.50 NOTE
r-release-linux-x86_64 0.1.2 19.69 146.57 166.26 OK
r-release-windows-ix86+x86_64 0.1.2 63.00 215.00 278.00 OK
r-release-osx-x86_64 0.1.2 NOTE
r-oldrel-windows-ix86+x86_64 0.1.2 36.00 237.00 273.00 OK
r-oldrel-osx-x86_64 0.1.2 NOTE

Check Details

Version: 0.1.2
Check: dependencies in R code
Result: NOTE
    Namespaces in Imports field not imported from:
     ‘devtools’ ‘rstudioapi’
     All declared Imports should be used.
Flavors: r-devel-linux-x86_64-fedora-clang, r-devel-linux-x86_64-fedora-gcc, r-patched-solaris-x86, r-release-osx-x86_64, r-oldrel-osx-x86_64