CRAN Package Check Results for Package StAMPP

Last updated on 2019-08-26 00:47:37 CEST.

Flavor Version Tinstall Tcheck Ttotal Status Flags
r-devel-linux-x86_64-debian-clang 1.5.1 14.85 109.19 124.04 NOTE
r-devel-linux-x86_64-debian-gcc 1.5.1 12.03 84.76 96.79 NOTE
r-devel-linux-x86_64-fedora-clang 1.5.1 148.38 NOTE
r-devel-linux-x86_64-fedora-gcc 1.5.1 146.77 NOTE
r-devel-windows-ix86+x86_64 1.5.1 44.00 131.00 175.00 OK
r-patched-linux-x86_64 1.5.1 14.25 106.96 121.21 OK
r-patched-solaris-x86 1.5.1 265.90 OK
r-release-linux-x86_64 1.5.1 15.73 104.78 120.51 OK
r-release-windows-ix86+x86_64 1.5.1 52.00 186.00 238.00 OK
r-release-osx-x86_64 1.5.1 OK
r-oldrel-windows-ix86+x86_64 1.5.1 25.00 167.00 192.00 OK
r-oldrel-osx-x86_64 1.5.1 OK

Check Details

Version: 1.5.1
Check: for non-standard things in the check directory
Result: NOTE
    Found the following files/directories:
     'potato_distance.txt'
Flavors: r-devel-linux-x86_64-debian-clang, r-devel-linux-x86_64-debian-gcc, r-devel-linux-x86_64-fedora-clang, r-devel-linux-x86_64-fedora-gcc