CRAN Package Check Results for Package StMoSim

Last updated on 2020-02-24 00:48:56 CET.

Flavor Version Tinstall Tcheck Ttotal Status Flags
r-devel-linux-x86_64-debian-clang 3.1.1 20.46 24.39 44.85 NOTE
r-devel-linux-x86_64-debian-gcc 3.1.1 NOTE
r-devel-linux-x86_64-fedora-clang 3.1.1 57.80 NOTE
r-devel-linux-x86_64-fedora-gcc 3.1.1 55.34 NOTE
r-devel-windows-ix86+x86_64 3.1.1 45.00 54.00 99.00 NOTE
r-devel-windows-ix86+x86_64-gcc8 3.1.1 66.00 80.00 146.00 NOTE
r-patched-linux-x86_64 3.1.1 NOTE
r-patched-solaris-x86 3.1.1 69.00 NOTE
r-release-linux-x86_64 3.1.1 15.42 22.27 37.69 NOTE
r-release-windows-ix86+x86_64 3.1.1 36.00 57.00 93.00 NOTE
r-release-osx-x86_64 3.1.1 NOTE
r-oldrel-windows-ix86+x86_64 3.1.1 53.00 58.00 111.00 NOTE
r-oldrel-osx-x86_64 3.1.1 NOTE

Check Details

Version: 3.1.1
Check: for GNU extensions in Makefiles
Result: NOTE
    GNU make is a SystemRequirements.
Flavors: r-devel-linux-x86_64-debian-clang, r-devel-linux-x86_64-debian-gcc, r-devel-linux-x86_64-fedora-clang, r-devel-linux-x86_64-fedora-gcc, r-devel-windows-ix86+x86_64, r-devel-windows-ix86+x86_64-gcc8, r-patched-linux-x86_64, r-patched-solaris-x86, r-release-linux-x86_64, r-release-windows-ix86+x86_64, r-release-osx-x86_64, r-oldrel-windows-ix86+x86_64, r-oldrel-osx-x86_64