CRAN Package Check Results for Package StMoSim

Last updated on 2019-09-20 00:47:47 CEST.

Flavor Version Tinstall Tcheck Ttotal Status Flags
r-devel-linux-x86_64-debian-clang 3.1.1 15.49 22.29 37.78 NOTE
r-devel-linux-x86_64-debian-gcc 3.1.1 12.66 18.36 31.02 NOTE
r-devel-linux-x86_64-fedora-clang 3.1.1 55.75 NOTE
r-devel-linux-x86_64-fedora-gcc 3.1.1 51.40 NOTE
r-devel-windows-ix86+x86_64 3.1.1 52.00 56.00 108.00 NOTE
r-patched-linux-x86_64 3.1.1 13.95 22.23 36.18 NOTE
r-patched-solaris-x86 3.1.1 69.80 NOTE
r-release-linux-x86_64 3.1.1 14.31 22.33 36.64 NOTE
r-release-windows-ix86+x86_64 3.1.1 39.00 57.00 96.00 NOTE
r-release-osx-x86_64 3.1.1 NOTE
r-oldrel-windows-ix86+x86_64 3.1.1 35.00 49.00 84.00 NOTE
r-oldrel-osx-x86_64 3.1.1 NOTE

Check Details

Version: 3.1.1
Check: for GNU extensions in Makefiles
Result: NOTE
    GNU make is a SystemRequirements.
Flavors: r-devel-linux-x86_64-debian-clang, r-devel-linux-x86_64-debian-gcc, r-devel-linux-x86_64-fedora-clang, r-devel-linux-x86_64-fedora-gcc, r-devel-windows-ix86+x86_64, r-patched-linux-x86_64, r-patched-solaris-x86, r-release-linux-x86_64, r-release-windows-ix86+x86_64, r-release-osx-x86_64, r-oldrel-windows-ix86+x86_64, r-oldrel-osx-x86_64