CRAN Package Check Results for Package StanHeaders

Last updated on 2019-11-12 00:52:57 CET.

Flavor Version Tinstall Tcheck Ttotal Status Flags
r-devel-linux-x86_64-debian-clang 2.19.0 29.12 388.89 418.01 OK
r-devel-linux-x86_64-debian-gcc 2.19.0 17.66 302.96 320.62 OK
r-devel-linux-x86_64-fedora-clang 2.19.0 462.68 NOTE
r-devel-linux-x86_64-fedora-gcc 2.19.0 519.18 OK
r-devel-windows-ix86+x86_64 2.19.0 106.00 417.00 523.00 NOTE
r-patched-linux-x86_64 2.19.0 18.60 373.22 391.82 OK
r-patched-solaris-x86 2.19.0 596.50 NOTE
r-release-linux-x86_64 2.19.0 19.80 368.49 388.29 OK
r-release-windows-ix86+x86_64 2.19.0 142.00 428.00 570.00 NOTE
r-release-osx-x86_64 2.19.0 NOTE
r-oldrel-windows-ix86+x86_64 2.19.0 154.00 529.00 683.00 NOTE
r-oldrel-osx-x86_64 2.19.0 NOTE

Check Details

Version: 2.19.0
Check: installed package size
Result: NOTE
     installed size is 13.3Mb
     sub-directories of 1Mb or more:
     include 10.3Mb
     lib 2.8Mb
Flavors: r-devel-linux-x86_64-fedora-clang, r-devel-windows-ix86+x86_64, r-patched-solaris-x86, r-release-windows-ix86+x86_64, r-release-osx-x86_64, r-oldrel-windows-ix86+x86_64, r-oldrel-osx-x86_64