CRAN Package Check Results for Package StereoMorph

Last updated on 2019-11-22 00:49:28 CET.

Flavor Version Tinstall Tcheck Ttotal Status Flags
r-devel-linux-x86_64-debian-clang 1.6.2 95.38 79.82 175.20 NOTE
r-devel-linux-x86_64-debian-gcc 1.6.2 62.34 64.90 127.24 NOTE
r-devel-linux-x86_64-fedora-clang 1.6.2 233.15 WARN
r-devel-linux-x86_64-fedora-gcc 1.6.2 219.14 NOTE
r-devel-windows-ix86+x86_64 1.6.2 238.00 163.00 401.00 OK
r-devel-windows-ix86+x86_64-gcc8 1.6.2 188.00 133.00 321.00 OK
r-patched-linux-x86_64 1.6.2 64.39 75.68 140.07 OK
r-patched-solaris-x86 1.6.2 227.10 OK
r-release-linux-x86_64 1.6.2 70.60 77.02 147.62 OK
r-release-windows-ix86+x86_64 1.6.2 186.00 181.00 367.00 OK
r-release-osx-x86_64 1.6.2 OK
r-oldrel-windows-ix86+x86_64 1.6.2 135.00 180.00 315.00 OK
r-oldrel-osx-x86_64 1.6.2 OK

Check Details

Version: 1.6.2
Check: for non-standard things in the check directory
Result: NOTE
    Found the following files/directories:
     'Mug_2D.tps' 'Owl_3D.tps' 'Shapes_2D.tps' 'Shapes_3D.tps'
Flavors: r-devel-linux-x86_64-debian-clang, r-devel-linux-x86_64-debian-gcc, r-devel-linux-x86_64-fedora-clang, r-devel-linux-x86_64-fedora-gcc

Version: 1.6.2
Check: whether package can be installed
Result: WARN
    Found the following significant warnings:
     equalizeImageHist.cpp:14:7: warning: 'pointer_to_unary_function<double, double>' is deprecated [-Wdeprecated-declarations]
     equalizeImageHist.cpp:17:59: warning: 'bind1st<std::__1::multiplies<double>, int>' is deprecated [-Wdeprecated-declarations]
     equalizeImageHist.cpp:53:59: warning: 'bind1st<std::__1::multiplies<double>, double>' is deprecated [-Wdeprecated-declarations]
     findCornerSubPix.cpp:62:62: warning: 'bind1st<std::__1::plus<int>, int>' is deprecated [-Wdeprecated-declarations]
     findCornerSubPix.cpp:66:62: warning: 'bind1st<std::__1::plus<int>, int>' is deprecated [-Wdeprecated-declarations]
     thresholdImageMatrix.cpp:19:7: warning: 'pointer_to_unary_function<double, double>' is deprecated [-Wdeprecated-declarations]
     thresholdImageMatrix.cpp:29:71: warning: 'bind1st<std::__1::multiplies<double>, int>' is deprecated [-Wdeprecated-declarations]
     thresholdImageMatrix.cpp:32:80: warning: 'bind1st<std::__1::multiplies<double>, int>' is deprecated [-Wdeprecated-declarations]
Flavor: r-devel-linux-x86_64-fedora-clang