CRAN Package Check Results for Package StroupGLMM

Last updated on 2019-09-20 00:47:47 CEST.

Flavor Version Tinstall Tcheck Ttotal Status Flags
r-devel-linux-x86_64-debian-clang 0.1.0 14.03 110.04 124.07 OK
r-devel-linux-x86_64-debian-gcc 0.1.0 12.47 85.98 98.45 OK
r-devel-linux-x86_64-fedora-clang 0.1.0 151.48 NOTE
r-devel-linux-x86_64-fedora-gcc 0.1.0 147.28 NOTE
r-devel-windows-ix86+x86_64 0.1.0 56.00 194.00 250.00 OK
r-patched-linux-x86_64 0.1.0 13.89 104.24 118.13 OK
r-patched-solaris-x86 0.1.0 229.00 NOTE
r-release-linux-x86_64 0.1.0 11.85 107.86 119.71 OK
r-release-windows-ix86+x86_64 0.1.0 32.00 122.00 154.00 OK
r-release-osx-x86_64 0.1.0 ERROR
r-oldrel-windows-ix86+x86_64 0.1.0 16.00 114.00 130.00 OK
r-oldrel-osx-x86_64 0.1.0 NOTE

Check Details

Version: 0.1.0
Check: dependencies in R code
Result: NOTE
    Namespaces in Imports field not imported from:
     ‘broom’ ‘car’ ‘lmerTest’ ‘pbkrtest’
     All declared Imports should be used.
Flavors: r-devel-linux-x86_64-fedora-clang, r-devel-linux-x86_64-fedora-gcc, r-patched-solaris-x86, r-oldrel-osx-x86_64

Version: 0.1.0
Check: package dependencies
Result: ERROR
    Package required but not available: ‘mutoss’
    
    See section ‘The DESCRIPTION file’ in the ‘Writing R Extensions’
    manual.
Flavor: r-release-osx-x86_64