CRAN Package Check Results for Package TCA

Last updated on 2020-02-24 00:48:56 CET.

Flavor Version Tinstall Tcheck Ttotal Status Flags
r-devel-linux-x86_64-debian-clang 1.1.0 9.01 87.06 96.07 OK
r-devel-linux-x86_64-debian-gcc 1.1.0 OK
r-devel-linux-x86_64-fedora-clang 1.1.0 113.84 NOTE
r-devel-linux-x86_64-fedora-gcc 1.1.0 118.24 NOTE
r-devel-windows-ix86+x86_64 1.1.0 16.00 86.00 102.00 OK
r-devel-windows-ix86+x86_64-gcc8 1.1.0 25.00 129.00 154.00 OK
r-patched-linux-x86_64 1.1.0 OK
r-patched-solaris-x86 1.1.0 142.40 NOTE
r-release-linux-x86_64 1.1.0 7.45 74.62 82.07 OK
r-release-windows-ix86+x86_64 1.1.0 13.00 88.00 101.00 OK
r-release-osx-x86_64 1.1.0 NOTE
r-oldrel-windows-ix86+x86_64 1.1.0 11.00 89.00 100.00 OK
r-oldrel-osx-x86_64 1.1.0 NOTE

Check Details

Version: 1.1.0
Check: dependencies in R code
Result: NOTE
    Namespaces in Imports field not imported from:
     ‘Matrix’ ‘glmnet’ ‘quadprog’
     All declared Imports should be used.
Flavors: r-devel-linux-x86_64-fedora-clang, r-devel-linux-x86_64-fedora-gcc, r-patched-solaris-x86, r-release-osx-x86_64, r-oldrel-osx-x86_64