CRAN Package Check Results for Package TOSTER

Last updated on 2020-02-21 00:49:57 CET.

Flavor Version Tinstall Tcheck Ttotal Status Flags
r-devel-linux-x86_64-debian-clang 0.3.4 20.95 55.28 76.23 OK
r-devel-linux-x86_64-debian-gcc 0.3.4 17.83 41.78 59.61 OK
r-devel-linux-x86_64-fedora-clang 0.3.4 92.43 NOTE
r-devel-linux-x86_64-fedora-gcc 0.3.4 96.47 NOTE
r-devel-windows-ix86+x86_64 0.3.4 31.00 59.00 90.00 OK
r-devel-windows-ix86+x86_64-gcc8 0.3.4 35.00 97.00 132.00 OK
r-patched-linux-x86_64 0.3.4 15.53 48.21 63.74 OK
r-patched-solaris-x86 0.3.4 110.50 NOTE
r-release-linux-x86_64 0.3.4 14.90 48.33 63.23 OK
r-release-windows-ix86+x86_64 0.3.4 24.00 64.00 88.00 OK
r-release-osx-x86_64 0.3.4 NOTE
r-oldrel-windows-ix86+x86_64 0.3.4 21.00 60.00 81.00 OK
r-oldrel-osx-x86_64 0.3.4 NOTE

Check Details

Version: 0.3.4
Check: dependencies in R code
Result: NOTE
    Namespaces in Imports field not imported from:
     ‘R6’ ‘jmvcore’
     All declared Imports should be used.
Flavors: r-devel-linux-x86_64-fedora-clang, r-devel-linux-x86_64-fedora-gcc, r-patched-solaris-x86, r-release-osx-x86_64, r-oldrel-osx-x86_64