CRAN Package Check Results for Package TR8

Last updated on 2019-12-06 00:50:16 CET.

Flavor Version Tinstall Tcheck Ttotal Status Flags
r-devel-linux-x86_64-debian-clang 0.9.20 13.81 99.23 113.04 OK
r-devel-linux-x86_64-debian-gcc 0.9.20 10.91 78.17 89.08 OK
r-devel-linux-x86_64-fedora-clang 0.9.20 132.94 NOTE
r-devel-linux-x86_64-fedora-gcc 0.9.20 131.61 NOTE
r-devel-windows-ix86+x86_64 0.9.20 26.00 182.00 208.00 OK
r-devel-windows-ix86+x86_64-gcc8 0.9.20 30.00 115.00 145.00 OK
r-patched-linux-x86_64 0.9.20 13.35 91.39 104.74 OK
r-patched-solaris-x86 0.9.20 197.60 NOTE
r-release-linux-x86_64 0.9.20 12.31 90.40 102.71 OK
r-release-windows-ix86+x86_64 0.9.20 24.00 107.00 131.00 OK
r-release-osx-x86_64 0.9.20 NOTE
r-oldrel-windows-ix86+x86_64 0.9.20 15.00 109.00 124.00 OK
r-oldrel-osx-x86_64 0.9.20 NOTE

Check Details

Version: 0.9.20
Check: data for non-ASCII characters
Result: NOTE
     Note: found 153 marked Latin-1 strings
     Note: found 108 marked UTF-8 strings
Flavors: r-devel-linux-x86_64-fedora-clang, r-devel-linux-x86_64-fedora-gcc, r-patched-solaris-x86, r-release-osx-x86_64, r-oldrel-osx-x86_64