CRAN Package Check Results for Package TR8

Last updated on 2019-08-17 00:51:25 CEST.

Flavor Version Tinstall Tcheck Ttotal Status Flags
r-devel-linux-x86_64-debian-clang 0.9.20 11.78 92.56 104.34 OK
r-devel-linux-x86_64-debian-gcc 0.9.20 9.93 73.36 83.29 OK
r-devel-linux-x86_64-fedora-clang 0.9.20 129.98 NOTE
r-devel-linux-x86_64-fedora-gcc 0.9.20 126.21 NOTE
r-devel-windows-ix86+x86_64 0.9.20 38.00 158.00 196.00 OK
r-patched-linux-x86_64 0.9.20 12.86 91.42 104.28 OK
r-patched-solaris-x86 0.9.20 214.90 NOTE
r-release-linux-x86_64 0.9.20 12.06 91.29 103.35 OK
r-release-windows-ix86+x86_64 0.9.20 24.00 159.00 183.00 OK
r-release-osx-x86_64 0.9.20 NOTE
r-oldrel-windows-ix86+x86_64 0.9.20 22.00 139.00 161.00 OK
r-oldrel-osx-x86_64 0.9.20 NOTE

Check Details

Version: 0.9.20
Check: data for non-ASCII characters
Result: NOTE
     Note: found 153 marked Latin-1 strings
     Note: found 108 marked UTF-8 strings
Flavors: r-devel-linux-x86_64-fedora-clang, r-devel-linux-x86_64-fedora-gcc, r-patched-solaris-x86, r-release-osx-x86_64, r-oldrel-osx-x86_64