CRAN Package Check Results for Package TSMining

Last updated on 2019-06-26 00:47:53 CEST.

Flavor Version Tinstall Tcheck Ttotal Status Flags
r-devel-linux-x86_64-debian-clang 1.0 3.79 55.54 59.33 NOTE
r-devel-linux-x86_64-debian-gcc 1.0 3.29 42.87 46.16 NOTE
r-devel-linux-x86_64-fedora-clang 1.0 68.94 NOTE
r-devel-linux-x86_64-fedora-gcc 1.0 65.34 NOTE
r-devel-windows-ix86+x86_64 1.0 14.00 99.00 113.00 NOTE
r-patched-linux-x86_64 1.0 4.20 53.59 57.79 NOTE
r-patched-solaris-x86 1.0 103.90 NOTE
r-release-linux-x86_64 1.0 4.17 53.20 57.37 NOTE
r-release-windows-ix86+x86_64 1.0 10.00 121.00 131.00 NOTE
r-release-osx-x86_64 1.0 NOTE
r-oldrel-windows-ix86+x86_64 1.0 5.00 68.00 73.00 NOTE
r-oldrel-osx-x86_64 1.0 NOTE

Check Details

Version: 1.0
Check: R code for possible problems
Result: NOTE
    Func.SAX: no visible global function definition for 'sd'
    Func.SAX: no visible global function definition for 'qnorm'
    Func.matrix: no visible global function definition for 'qnorm'
    Func.motif: no visible global function definition for 'sd'
    Func.motif: no visible global function definition for 'na.omit'
    Func.motif: no visible global function definition for 'combn'
    Func.motif.multivariate: no visible global function definition for
     'txtProgressBar'
    Func.motif.multivariate: no visible global function definition for
     'setTxtProgressBar'
    Undefined global functions or variables:
     combn na.omit qnorm sd setTxtProgressBar txtProgressBar
    Consider adding
     importFrom("stats", "na.omit", "qnorm", "sd")
     importFrom("utils", "combn", "setTxtProgressBar", "txtProgressBar")
    to your NAMESPACE file.
Flavors: r-devel-linux-x86_64-debian-clang, r-devel-linux-x86_64-debian-gcc, r-devel-linux-x86_64-fedora-clang, r-devel-linux-x86_64-fedora-gcc, r-devel-windows-ix86+x86_64, r-patched-linux-x86_64, r-patched-solaris-x86, r-release-linux-x86_64, r-release-windows-ix86+x86_64, r-release-osx-x86_64, r-oldrel-windows-ix86+x86_64, r-oldrel-osx-x86_64