CRAN Package Check Results for Package TeachingDemos

Last updated on 2019-11-22 00:49:28 CET.

Flavor Version Tinstall Tcheck Ttotal Status Flags
r-devel-linux-x86_64-debian-clang 2.10 12.89 77.27 90.16 NOTE
r-devel-linux-x86_64-debian-gcc 2.10 11.69 62.13 73.82 NOTE
r-devel-linux-x86_64-fedora-clang 2.10 106.64 NOTE
r-devel-linux-x86_64-fedora-gcc 2.10 114.30 NOTE
r-devel-windows-ix86+x86_64 2.10 25.00 119.00 144.00 OK
r-devel-windows-ix86+x86_64-gcc8 2.10 26.00 90.00 116.00 OK
r-patched-linux-x86_64 2.10 12.25 73.62 85.87 NOTE
r-patched-solaris-x86 2.10 130.90 NOTE
r-release-linux-x86_64 2.10 13.26 75.24 88.50 NOTE
r-release-windows-ix86+x86_64 2.10 16.00 123.00 139.00 OK
r-release-osx-x86_64 2.10 NOTE
r-oldrel-windows-ix86+x86_64 2.10 14.00 118.00 132.00 OK
r-oldrel-osx-x86_64 2.10 NOTE

Check Details

Version: 2.10
Check: package dependencies
Result: NOTE
    Package suggested but not available for checking: 'R2wd'
Flavors: r-devel-linux-x86_64-debian-clang, r-devel-linux-x86_64-debian-gcc, r-devel-linux-x86_64-fedora-clang, r-devel-linux-x86_64-fedora-gcc, r-patched-linux-x86_64, r-patched-solaris-x86, r-release-linux-x86_64, r-release-osx-x86_64, r-oldrel-osx-x86_64