CRAN Package Check Results for Package TeachingDemos

Last updated on 2019-07-16 00:48:29 CEST.

Flavor Version Tinstall Tcheck Ttotal Status Flags
r-devel-linux-x86_64-debian-clang 2.10 12.64 75.38 88.02 NOTE
r-devel-linux-x86_64-debian-gcc 2.10 10.48 58.48 68.96 NOTE
r-devel-linux-x86_64-fedora-clang 2.10 102.33 NOTE
r-devel-linux-x86_64-fedora-gcc 2.10 102.63 NOTE
r-devel-windows-ix86+x86_64 2.10 24.00 126.00 150.00 OK
r-patched-linux-x86_64 2.10 11.50 76.84 88.34 NOTE
r-patched-solaris-x86 2.10 136.00 NOTE
r-release-linux-x86_64 2.10 11.35 75.90 87.25 NOTE
r-release-windows-ix86+x86_64 2.10 18.00 86.00 104.00 OK
r-release-osx-x86_64 2.10 NOTE
r-oldrel-windows-ix86+x86_64 2.10 24.00 86.00 110.00 OK
r-oldrel-osx-x86_64 2.10 NOTE

Check Details

Version: 2.10
Check: package dependencies
Result: NOTE
    Package suggested but not available for checking: 'R2wd'
Flavors: r-devel-linux-x86_64-debian-clang, r-devel-linux-x86_64-debian-gcc, r-devel-linux-x86_64-fedora-clang, r-devel-linux-x86_64-fedora-gcc, r-patched-linux-x86_64, r-patched-solaris-x86, r-release-linux-x86_64, r-release-osx-x86_64, r-oldrel-osx-x86_64