CRAN Package Check Results for Package TwoPhaseInd

Last updated on 2019-07-16 00:48:30 CEST.

Flavor Version Tinstall Tcheck Ttotal Status Flags
r-devel-linux-x86_64-debian-clang 1.1.1 11.42 98.26 109.68 NOTE
r-devel-linux-x86_64-debian-gcc 1.1.1 8.43 80.40 88.83 NOTE
r-devel-linux-x86_64-fedora-clang 1.1.1 136.59 NOTE
r-devel-linux-x86_64-fedora-gcc 1.1.1 134.47 NOTE
r-devel-windows-ix86+x86_64 1.1.1 28.00 138.00 166.00 OK
r-patched-linux-x86_64 1.1.1 10.94 100.91 111.85 OK
r-patched-solaris-x86 1.1.1 204.10 OK
r-release-linux-x86_64 1.1.1 9.33 100.20 109.53 OK
r-release-windows-ix86+x86_64 1.1.1 20.00 191.00 211.00 OK
r-release-osx-x86_64 1.1.1 OK
r-oldrel-windows-ix86+x86_64 1.1.1 22.00 137.00 159.00 OK
r-oldrel-osx-x86_64 1.1.1 OK

Check Details

Version: 1.1.1
Check: for non-standard things in the check directory
Result: NOTE
    Found the following files/directories:
     'debug.txt'
Flavors: r-devel-linux-x86_64-debian-clang, r-devel-linux-x86_64-debian-gcc, r-devel-linux-x86_64-fedora-clang, r-devel-linux-x86_64-fedora-gcc

Version: 1.1.1
Check: compiled code
Result: NOTE
    File ‘TwoPhaseInd/libs/TwoPhaseInd.so’:
     Found no calls to: ‘R_registerRoutines’, ‘R_useDynamicSymbols’
    
    It is good practice to register native routines and to disable symbol
    search.
    
    See ‘Writing portable packages’ in the ‘Writing R Extensions’ manual.
Flavors: r-devel-linux-x86_64-fedora-clang, r-devel-linux-x86_64-fedora-gcc