CRAN Package Check Results for Package USAboundaries

Last updated on 2019-07-16 00:48:31 CEST.

Flavor Version Tinstall Tcheck Ttotal Status Flags
r-devel-linux-x86_64-debian-clang 0.3.1 2.15 23.25 25.40 NOTE
r-devel-linux-x86_64-debian-gcc 0.3.1 1.68 18.90 20.58 NOTE
r-devel-linux-x86_64-fedora-clang 0.3.1 31.43 NOTE
r-devel-linux-x86_64-fedora-gcc 0.3.1 30.38 NOTE
r-devel-windows-ix86+x86_64 0.3.1 6.00 56.00 62.00 NOTE
r-patched-linux-x86_64 0.3.1 2.14 23.18 25.32 NOTE
r-patched-solaris-x86 0.3.1 52.70 NOTE
r-release-linux-x86_64 0.3.1 2.14 23.21 25.35 NOTE
r-release-windows-ix86+x86_64 0.3.1 5.00 49.00 54.00 NOTE
r-release-osx-x86_64 0.3.1 NOTE
r-oldrel-windows-ix86+x86_64 0.3.1 11.00 46.00 57.00 NOTE
r-oldrel-osx-x86_64 0.3.1 NOTE

Check Details

Version: 0.3.1
Check: package dependencies
Result: NOTE
    Package suggested but not available for checking: 'USAboundariesData'
Flavors: r-devel-linux-x86_64-debian-clang, r-devel-linux-x86_64-debian-gcc, r-devel-linux-x86_64-fedora-clang, r-devel-linux-x86_64-fedora-gcc, r-devel-windows-ix86+x86_64, r-patched-linux-x86_64, r-patched-solaris-x86, r-release-linux-x86_64, r-release-windows-ix86+x86_64, r-release-osx-x86_64, r-oldrel-windows-ix86+x86_64, r-oldrel-osx-x86_64