CRAN Package Check Results for Package VIMGUI

Last updated on 2019-12-16 00:49:15 CET.

Flavor Version Tinstall Tcheck Ttotal Status Flags
r-devel-linux-x86_64-debian-clang 0.10.0 31.53 219.59 251.12 OK
r-devel-linux-x86_64-debian-gcc 0.10.0 23.83 179.00 202.83 OK
r-devel-linux-x86_64-fedora-clang 0.10.0 295.69 OK
r-devel-linux-x86_64-fedora-gcc 0.10.0 289.47 OK
r-devel-windows-ix86+x86_64 0.10.0 104.00 7.00 111.00 ERROR
r-devel-windows-ix86+x86_64-gcc8 0.10.0 164.00 8.00 172.00 ERROR
r-patched-linux-x86_64 0.10.0 30.38 209.18 239.56 OK
r-patched-solaris-x86 0.10.0 422.40 OK
r-release-linux-x86_64 0.10.0 30.06 214.30 244.36 OK
r-release-windows-ix86+x86_64 0.10.0 41.00 167.00 208.00 OK
r-release-osx-x86_64 0.10.0 OK
r-oldrel-windows-ix86+x86_64 0.10.0 29.00 181.00 210.00 OK
r-oldrel-osx-x86_64 0.10.0 OK

Check Details

Version: 0.10.0
Check: whether package can be installed
Result: ERROR
    Installation failed.
Flavors: r-devel-windows-ix86+x86_64, r-devel-windows-ix86+x86_64-gcc8