CRAN Package Check Results for Package VarSwapPrice

Last updated on 2019-08-19 00:46:37 CEST.

Flavor Version Tinstall Tcheck Ttotal Status Flags
r-devel-linux-x86_64-debian-clang 1.0 1.84 16.93 18.77 NOTE
r-devel-linux-x86_64-debian-gcc 1.0 1.57 14.04 15.61 NOTE
r-devel-linux-x86_64-fedora-clang 1.0 24.70 NOTE
r-devel-linux-x86_64-fedora-gcc 1.0 22.24 NOTE
r-devel-windows-ix86+x86_64 1.0 5.00 35.00 40.00 NOTE
r-patched-linux-x86_64 1.0 1.43 17.18 18.61 NOTE
r-patched-solaris-x86 1.0 37.00 NOTE
r-release-linux-x86_64 1.0 1.66 17.09 18.75 NOTE
r-release-windows-ix86+x86_64 1.0 4.00 35.00 39.00 NOTE
r-release-osx-x86_64 1.0 NOTE
r-oldrel-windows-ix86+x86_64 1.0 2.00 24.00 26.00 NOTE
r-oldrel-osx-x86_64 1.0 NOTE

Check Details

Version: 1.0
Check: R code for possible problems
Result: NOTE
    black_scholes: no visible global function definition for 'pnorm'
    Undefined global functions or variables:
     pnorm
    Consider adding
     importFrom("stats", "pnorm")
    to your NAMESPACE file.
Flavors: r-devel-linux-x86_64-debian-clang, r-devel-linux-x86_64-debian-gcc, r-devel-linux-x86_64-fedora-clang, r-devel-linux-x86_64-fedora-gcc, r-devel-windows-ix86+x86_64, r-patched-linux-x86_64, r-patched-solaris-x86, r-release-linux-x86_64, r-release-windows-ix86+x86_64, r-release-osx-x86_64, r-oldrel-windows-ix86+x86_64, r-oldrel-osx-x86_64