CRAN Package Check Results for Package VoxR

Last updated on 2020-02-24 00:48:58 CET.

Flavor Version Tinstall Tcheck Ttotal Status Flags
r-devel-linux-x86_64-debian-clang 0.5.1 3.08 42.32 45.40 NOTE
r-devel-linux-x86_64-debian-gcc 0.5.1 NOTE
r-devel-linux-x86_64-fedora-clang 0.5.1 58.15 NOTE
r-devel-linux-x86_64-fedora-gcc 0.5.1 58.49 NOTE
r-devel-windows-ix86+x86_64 0.5.1 6.00 46.00 52.00 NOTE
r-devel-windows-ix86+x86_64-gcc8 0.5.1 7.00 67.00 74.00 NOTE
r-patched-linux-x86_64 0.5.1 NOTE
r-patched-solaris-x86 0.5.1 64.50 NOTE
r-release-linux-x86_64 0.5.1 2.29 40.80 43.09 NOTE
r-release-windows-ix86+x86_64 0.5.1 4.00 51.00 55.00 NOTE
r-release-osx-x86_64 0.5.1 NOTE
r-oldrel-windows-ix86+x86_64 0.5.1 4.00 46.00 50.00 NOTE
r-oldrel-osx-x86_64 0.5.1 NOTE

Check Details

Version: 0.5.1
Check: DESCRIPTION meta-information
Result: NOTE
    Malformed Description field: should contain one or more complete sentences.
Flavors: r-devel-linux-x86_64-debian-clang, r-devel-linux-x86_64-debian-gcc, r-devel-linux-x86_64-fedora-clang, r-devel-linux-x86_64-fedora-gcc, r-devel-windows-ix86+x86_64, r-devel-windows-ix86+x86_64-gcc8, r-patched-linux-x86_64, r-patched-solaris-x86, r-release-linux-x86_64, r-release-windows-ix86+x86_64, r-release-osx-x86_64, r-oldrel-windows-ix86+x86_64, r-oldrel-osx-x86_64

Version: 0.5.1
Check: dependencies in R code
Result: NOTE
    'library' or 'require' call to 'raster' in package code.
     Please use :: or requireNamespace() instead.
     See section 'Suggested packages' in the 'Writing R Extensions' manual.
Flavors: r-devel-linux-x86_64-debian-clang, r-devel-linux-x86_64-debian-gcc, r-devel-linux-x86_64-fedora-clang, r-devel-linux-x86_64-fedora-gcc, r-devel-windows-ix86+x86_64, r-devel-windows-ix86+x86_64-gcc8, r-patched-linux-x86_64, r-patched-solaris-x86, r-release-linux-x86_64, r-release-windows-ix86+x86_64, r-release-osx-x86_64, r-oldrel-windows-ix86+x86_64, r-oldrel-osx-x86_64

Version: 0.5.1
Check: R code for possible problems
Result: NOTE
    level: no visible global function definition for 'quantile'
    obj.rec: no visible global function definition for 'txtProgressBar'
    obj.rec: no visible global function definition for 'setTxtProgressBar'
    project: no visible global function definition for 'aggregate'
    raster.proj: no visible global function definition for 'quantile'
    raster.proj: no visible global function definition for 'rasterFromXYZ'
    raster.proj: no visible global function definition for 'plot.new'
    raster.proj: no visible global function definition for 'plot'
    raster.proj: no visible global function definition for 'legend'
    sub.obj: no visible global function definition for 'aggregate'
    sub.obj: no visible global function definition for 'txtProgressBar'
    sub.obj: no visible global function definition for 'setTxtProgressBar'
    surface: no visible global function definition for 'quantile'
    Undefined global functions or variables:
     aggregate legend plot plot.new quantile rasterFromXYZ
     setTxtProgressBar txtProgressBar
    Consider adding
     importFrom("graphics", "legend", "plot", "plot.new")
     importFrom("stats", "aggregate", "quantile")
     importFrom("utils", "setTxtProgressBar", "txtProgressBar")
    to your NAMESPACE file.
Flavors: r-devel-linux-x86_64-debian-clang, r-devel-linux-x86_64-debian-gcc, r-devel-linux-x86_64-fedora-clang, r-devel-linux-x86_64-fedora-gcc, r-devel-windows-ix86+x86_64, r-devel-windows-ix86+x86_64-gcc8, r-patched-linux-x86_64, r-patched-solaris-x86, r-release-linux-x86_64, r-release-windows-ix86+x86_64, r-release-osx-x86_64, r-oldrel-windows-ix86+x86_64, r-oldrel-osx-x86_64