CRAN Package Check Results for Package WGCNA

Last updated on 2019-07-16 00:48:32 CEST.

Flavor Version Tinstall Tcheck Ttotal Status Flags
r-devel-linux-x86_64-debian-clang 1.68 59.42 296.72 356.14 NOTE
r-devel-linux-x86_64-debian-gcc 1.68 51.68 231.37 283.05 NOTE
r-devel-linux-x86_64-fedora-clang 1.68 423.63 NOTE
r-devel-linux-x86_64-fedora-gcc 1.68 418.16 NOTE
r-devel-windows-ix86+x86_64 1.68 146.00 563.00 709.00 OK
r-patched-linux-x86_64 1.68 53.06 295.69 348.75 OK
r-patched-solaris-x86 1.68 561.70 OK
r-release-linux-x86_64 1.68 53.31 296.31 349.62 OK
r-release-windows-ix86+x86_64 1.68 108.00 541.00 649.00 OK
r-release-osx-x86_64 1.68 ERROR
r-oldrel-windows-ix86+x86_64 1.68 110.00 474.00 584.00 OK
r-oldrel-osx-x86_64 1.68 NOTE

Check Details

Version: 1.68
Check: for non-standard things in the check directory
Result: NOTE
    Found the following files/directories:
     'TESTLIST1.txt' 'TESTLIST2.txt'
     'kME_correlations_between_A_and_B_inMod.pdf' 'testEnrichment.csv'
Flavors: r-devel-linux-x86_64-debian-clang, r-devel-linux-x86_64-debian-gcc, r-devel-linux-x86_64-fedora-clang, r-devel-linux-x86_64-fedora-gcc

Version: 1.68
Check: package dependencies
Result: ERROR
    Packages required but not available:
     'impute', 'preprocessCore', 'GO.db', 'AnnotationDbi'
    
    Packages suggested but not available for checking:
     'org.Hs.eg.db', 'org.Mm.eg.db', 'minet'
    
    See section ‘The DESCRIPTION file’ in the ‘Writing R Extensions’
    manual.
Flavor: r-release-osx-x86_64

Version: 1.68
Check: package dependencies
Result: NOTE
    Package suggested but not available for checking: ‘org.Mm.eg.db’
Flavor: r-oldrel-osx-x86_64