CRAN Package Check Results for Package WGCNA

Last updated on 2019-10-22 00:52:38 CEST.

Flavor Version Tinstall Tcheck Ttotal Status Flags
r-devel-linux-x86_64-debian-clang 1.68 60.62 296.92 357.54 NOTE
r-devel-linux-x86_64-debian-gcc 1.68 51.01 230.00 281.01 NOTE
r-devel-linux-x86_64-fedora-clang 1.68 431.14 NOTE
r-devel-linux-x86_64-fedora-gcc 1.68 423.50 NOTE
r-devel-windows-ix86+x86_64 1.68 110.00 383.00 493.00 OK
r-patched-linux-x86_64 1.68 53.01 293.20 346.21 OK
r-patched-solaris-x86 1.68 552.50 OK
r-release-linux-x86_64 1.68 52.08 292.13 344.21 OK
r-release-windows-ix86+x86_64 1.68 138.00 384.00 522.00 OK
r-release-osx-x86_64 1.68 ERROR
r-oldrel-windows-ix86+x86_64 1.68 79.00 345.00 424.00 OK
r-oldrel-osx-x86_64 1.68 NOTE

Check Details

Version: 1.68
Check: for non-standard things in the check directory
Result: NOTE
    Found the following files/directories:
     'TESTLIST1.txt' 'TESTLIST2.txt'
     'kME_correlations_between_A_and_B_inMod.pdf' 'testEnrichment.csv'
Flavors: r-devel-linux-x86_64-debian-clang, r-devel-linux-x86_64-debian-gcc, r-devel-linux-x86_64-fedora-clang, r-devel-linux-x86_64-fedora-gcc

Version: 1.68
Check: package dependencies
Result: ERROR
    Package required but not available: ‘GO.db’
    
    Packages suggested but not available for checking:
     'org.Hs.eg.db', 'org.Mm.eg.db'
    
    See section ‘The DESCRIPTION file’ in the ‘Writing R Extensions’
    manual.
Flavor: r-release-osx-x86_64

Version: 1.68
Check: package dependencies
Result: NOTE
    Package suggested but not available for checking: ‘org.Mm.eg.db’
Flavor: r-oldrel-osx-x86_64