CRAN Package Check Results for Package XBRL

Last updated on 2019-07-16 00:48:32 CEST.

Flavor Version Tinstall Tcheck Ttotal Status Flags
r-devel-linux-x86_64-debian-clang 0.99.18 84.37 25.47 109.84 NOTE
r-devel-linux-x86_64-debian-gcc 0.99.18 69.72 20.36 90.08 NOTE
r-devel-linux-x86_64-fedora-clang 0.99.18 171.92 NOTE
r-devel-linux-x86_64-fedora-gcc 0.99.18 160.21 NOTE
r-devel-windows-ix86+x86_64 0.99.18 207.00 65.00 272.00 NOTE
r-patched-linux-x86_64 0.99.18 82.32 25.25 107.57 NOTE
r-patched-solaris-x86 0.99.18 140.00 NOTE
r-release-linux-x86_64 0.99.18 82.06 25.11 107.17 NOTE
r-release-windows-ix86+x86_64 0.99.18 175.00 88.00 263.00 NOTE
r-release-osx-x86_64 0.99.18 NOTE
r-oldrel-windows-ix86+x86_64 0.99.18 223.00 62.00 285.00 NOTE
r-oldrel-osx-x86_64 0.99.18 OK

Check Details

Version: 0.99.18
Check: top-level files
Result: NOTE
    Found a 'configure.in' file: 'configure.ac' has long been preferred.
     Output from running autoreconf:
     aclocal: warning: autoconf input should be named 'configure.ac', not 'configure.in'
Flavors: r-devel-linux-x86_64-debian-clang, r-devel-linux-x86_64-debian-gcc, r-devel-linux-x86_64-fedora-clang, r-devel-linux-x86_64-fedora-gcc, r-patched-linux-x86_64, r-release-linux-x86_64

Version: 0.99.18
Check: installed package size
Result: NOTE
     installed size is 5.7Mb
     sub-directories of 1Mb or more:
     libs 5.6Mb
Flavors: r-devel-windows-ix86+x86_64, r-release-windows-ix86+x86_64, r-oldrel-windows-ix86+x86_64

Version: 0.99.18
Check: top-level files
Result: NOTE
    Found a 'configure.in' file: 'configure.ac' has long been preferred.
Flavors: r-devel-windows-ix86+x86_64, r-patched-solaris-x86, r-release-windows-ix86+x86_64, r-release-osx-x86_64