CRAN Package Check Results for Package XBRL

Last updated on 2019-10-22 00:52:38 CEST.

Flavor Version Tinstall Tcheck Ttotal Status Flags
r-devel-linux-x86_64-debian-clang 0.99.18 101.81 24.80 126.61 NOTE
r-devel-linux-x86_64-debian-gcc 0.99.18 67.23 20.09 87.32 NOTE
r-devel-linux-x86_64-fedora-clang 0.99.18 179.13 NOTE
r-devel-linux-x86_64-fedora-gcc 0.99.18 160.43 NOTE
r-devel-windows-ix86+x86_64 0.99.18 241.00 61.00 302.00 NOTE
r-patched-linux-x86_64 0.99.18 78.11 24.51 102.62 NOTE
r-patched-solaris-x86 0.99.18 168.00 NOTE
r-release-linux-x86_64 0.99.18 76.73 25.19 101.92 NOTE
r-release-windows-ix86+x86_64 0.99.18 221.00 69.00 290.00 NOTE
r-release-osx-x86_64 0.99.18 NOTE
r-oldrel-windows-ix86+x86_64 0.99.18 160.00 72.00 232.00 NOTE
r-oldrel-osx-x86_64 0.99.18 OK

Check Details

Version: 0.99.18
Check: top-level files
Result: NOTE
    Found a 'configure.in' file: 'configure.ac' has long been preferred.
     Output from running autoreconf:
     aclocal: warning: autoconf input should be named 'configure.ac', not 'configure.in'
Flavors: r-devel-linux-x86_64-debian-clang, r-devel-linux-x86_64-debian-gcc, r-devel-linux-x86_64-fedora-clang, r-devel-linux-x86_64-fedora-gcc, r-patched-linux-x86_64, r-release-linux-x86_64

Version: 0.99.18
Check: installed package size
Result: NOTE
     installed size is 5.7Mb
     sub-directories of 1Mb or more:
     libs 5.6Mb
Flavors: r-devel-windows-ix86+x86_64, r-release-windows-ix86+x86_64, r-oldrel-windows-ix86+x86_64

Version: 0.99.18
Check: top-level files
Result: NOTE
    Found a 'configure.in' file: 'configure.ac' has long been preferred.
Flavors: r-devel-windows-ix86+x86_64, r-patched-solaris-x86, r-release-windows-ix86+x86_64, r-release-osx-x86_64