CRAN Package Check Results for Package XHWE

Last updated on 2019-07-16 00:48:32 CEST.

Flavor Version Tinstall Tcheck Ttotal Status Flags
r-devel-linux-x86_64-debian-clang 1.0 2.18 19.97 22.15 NOTE
r-devel-linux-x86_64-debian-gcc 1.0 1.49 16.30 17.79 NOTE
r-devel-linux-x86_64-fedora-clang 1.0 27.04 NOTE
r-devel-linux-x86_64-fedora-gcc 1.0 25.79 NOTE
r-devel-windows-ix86+x86_64 1.0 5.00 29.00 34.00 NOTE
r-patched-linux-x86_64 1.0 1.85 20.12 21.97 NOTE
r-patched-solaris-x86 1.0 44.20 NOTE
r-release-linux-x86_64 1.0 2.10 20.11 22.21 NOTE
r-release-windows-ix86+x86_64 1.0 5.00 42.00 47.00 NOTE
r-release-osx-x86_64 1.0 NOTE
r-oldrel-windows-ix86+x86_64 1.0 3.00 28.00 31.00 NOTE
r-oldrel-osx-x86_64 1.0 NOTE

Check Details

Version: 1.0
Check: R code for possible problems
Result: NOTE
    XHWE: no visible global function definition for 'read.table'
    result: no visible global function definition for 'pchisq'
    result: no visible global function definition for 'rbinom'
    result: no visible global function definition for 'rmultinom'
    Undefined global functions or variables:
     pchisq rbinom read.table rmultinom
    Consider adding
     importFrom("stats", "pchisq", "rbinom", "rmultinom")
     importFrom("utils", "read.table")
    to your NAMESPACE file.
Flavors: r-devel-linux-x86_64-debian-clang, r-devel-linux-x86_64-debian-gcc, r-devel-linux-x86_64-fedora-clang, r-devel-linux-x86_64-fedora-gcc, r-devel-windows-ix86+x86_64, r-patched-linux-x86_64, r-patched-solaris-x86, r-release-linux-x86_64, r-release-windows-ix86+x86_64, r-release-osx-x86_64, r-oldrel-windows-ix86+x86_64, r-oldrel-osx-x86_64

Version: 1.0
Check: for non-standard things in the check directory
Result: NOTE
    Found the following files/directories:
     'results.txt'
Flavors: r-devel-linux-x86_64-debian-clang, r-devel-linux-x86_64-debian-gcc, r-devel-linux-x86_64-fedora-clang, r-devel-linux-x86_64-fedora-gcc