CRAN Package Check Results for Package XHWE

Last updated on 2020-02-24 00:48:58 CET.

Flavor Version Tinstall Tcheck Ttotal Status Flags
r-devel-linux-x86_64-debian-clang 1.0 2.42 21.33 23.75 NOTE
r-devel-linux-x86_64-debian-gcc 1.0 NOTE
r-devel-linux-x86_64-fedora-clang 1.0 29.34 NOTE
r-devel-linux-x86_64-fedora-gcc 1.0 30.21 NOTE
r-devel-windows-ix86+x86_64 1.0 6.00 31.00 37.00 NOTE
r-devel-windows-ix86+x86_64-gcc8 1.0 9.00 42.00 51.00 NOTE
r-patched-linux-x86_64 1.0 NOTE
r-patched-solaris-x86 1.0 42.30 NOTE
r-release-linux-x86_64 1.0 1.89 19.76 21.65 NOTE
r-release-windows-ix86+x86_64 1.0 5.00 42.00 47.00 NOTE
r-release-osx-x86_64 1.0 NOTE
r-oldrel-windows-ix86+x86_64 1.0 3.00 28.00 31.00 NOTE
r-oldrel-osx-x86_64 1.0 NOTE

Check Details

Version: 1.0
Check: R code for possible problems
Result: NOTE
    XHWE: no visible global function definition for 'read.table'
    result: no visible global function definition for 'pchisq'
    result: no visible global function definition for 'rbinom'
    result: no visible global function definition for 'rmultinom'
    Undefined global functions or variables:
     pchisq rbinom read.table rmultinom
    Consider adding
     importFrom("stats", "pchisq", "rbinom", "rmultinom")
     importFrom("utils", "read.table")
    to your NAMESPACE file.
Flavors: r-devel-linux-x86_64-debian-clang, r-devel-linux-x86_64-debian-gcc, r-devel-linux-x86_64-fedora-clang, r-devel-linux-x86_64-fedora-gcc, r-devel-windows-ix86+x86_64, r-devel-windows-ix86+x86_64-gcc8, r-patched-linux-x86_64, r-patched-solaris-x86, r-release-linux-x86_64, r-release-windows-ix86+x86_64, r-release-osx-x86_64, r-oldrel-windows-ix86+x86_64, r-oldrel-osx-x86_64

Version: 1.0
Check: for non-standard things in the check directory
Result: NOTE
    Found the following files/directories:
     'results.txt'
Flavors: r-devel-linux-x86_64-debian-clang, r-devel-linux-x86_64-debian-gcc, r-devel-linux-x86_64-fedora-clang, r-devel-linux-x86_64-fedora-gcc