CRAN Package Check Results for Package abcrf

Last updated on 2018-04-19 00:46:19 CEST.

Flavor Version Tinstall Tcheck Ttotal Status Flags
r-devel-linux-x86_64-debian-clang 1.7 48.51 59.72 108.23 OK
r-devel-linux-x86_64-debian-gcc 1.7 40.31 52.82 93.13 OK
r-devel-linux-x86_64-fedora-clang 1.7 147.33 OK
r-devel-linux-x86_64-fedora-gcc 1.7 138.83 NOTE
r-devel-windows-ix86+x86_64 1.7 130.00 160.00 290.00 OK
r-devel-osx-x86_64 1.7 OK
r-patched-linux-x86_64 1.7 54.70 65.39 120.09 OK
r-patched-solaris-x86 1.7 178.40 OK
r-release-linux-x86_64 1.7 47.54 69.29 116.83 OK
r-release-windows-ix86+x86_64 1.7 83.00 157.00 240.00 OK
r-release-osx-x86_64 1.7 OK
r-oldrel-windows-ix86+x86_64 1.7 102.00 108.00 210.00 OK

Check Details

Version: 1.7
Check: installed package size
Result: NOTE
     installed size is 5.5Mb
     sub-directories of 1Mb or more:
     data 2.6Mb
     libs 2.7Mb
Flavor: r-devel-linux-x86_64-fedora-gcc