CRAN Package Check Results for Package abcrf

Last updated on 2019-10-23 00:47:45 CEST.

Flavor Version Tinstall Tcheck Ttotal Status Flags
r-devel-linux-x86_64-debian-clang 1.8 74.29 73.68 147.97 OK
r-devel-linux-x86_64-debian-gcc 1.8 54.09 57.85 111.94 OK
r-devel-linux-x86_64-fedora-clang 1.8 194.68 NOTE
r-devel-linux-x86_64-fedora-gcc 1.8 186.12 OK
r-devel-windows-ix86+x86_64 1.8 125.00 124.00 249.00 OK
r-patched-linux-x86_64 1.8 62.22 71.46 133.68 OK
r-patched-solaris-x86 1.8 216.00 OK
r-release-linux-x86_64 1.8 54.49 71.05 125.54 OK
r-release-windows-ix86+x86_64 1.8 176.00 117.00 293.00 OK
r-release-osx-x86_64 1.8 NOTE
r-oldrel-windows-ix86+x86_64 1.8 153.00 129.00 282.00 OK
r-oldrel-osx-x86_64 1.8 OK

Check Details

Version: 1.8
Check: installed package size
Result: NOTE
     installed size is 5.3Mb
     sub-directories of 1Mb or more:
     data 2.6Mb
     libs 2.4Mb
Flavors: r-devel-linux-x86_64-fedora-clang, r-release-osx-x86_64