CRAN Package Check Results for Package abcrf

Last updated on 2018-01-22 00:46:48 CET.

Flavor Version Tinstall Tcheck Ttotal Status Flags
r-devel-linux-x86_64-debian-clang 1.7 39.85 56.72 96.57 OK
r-devel-linux-x86_64-debian-gcc 1.7 34.45 50.29 84.74 OK
r-devel-linux-x86_64-fedora-clang 1.7 147.22 OK
r-devel-linux-x86_64-fedora-gcc 1.7 141.67 NOTE
r-devel-windows-ix86+x86_64 1.7 91.00 114.00 205.00 OK
r-patched-linux-x86_64 1.7 41.01 70.60 111.61 OK
r-patched-solaris-x86 1.7 193.30 OK
r-release-linux-x86_64 1.7 40.72 70.14 110.86 OK
r-release-windows-ix86+x86_64 1.7 121.00 119.00 240.00 OK
r-release-osx-x86_64 1.7 OK
r-oldrel-windows-ix86+x86_64 1.7 116.00 110.00 226.00 OK
r-oldrel-osx-x86_64 1.7 OK

Check Details

Version: 1.7
Check: installed package size
Result: NOTE
     installed size is 5.4Mb
     sub-directories of 1Mb or more:
     data 2.6Mb
     libs 2.6Mb
Flavor: r-devel-linux-x86_64-fedora-gcc