CRAN Package Check Results for Package acc

Last updated on 2019-10-23 00:47:45 CEST.

Flavor Version Tinstall Tcheck Ttotal Status Flags
r-devel-linux-x86_64-debian-clang 1.3.3 61.03 60.91 121.94 OK
r-devel-linux-x86_64-debian-gcc 1.3.3 44.72 47.34 92.06 OK
r-devel-linux-x86_64-fedora-clang 1.3.3 163.05 NOTE
r-devel-linux-x86_64-fedora-gcc 1.3.3 153.00 NOTE
r-devel-windows-ix86+x86_64 1.3.3 112.00 108.00 220.00 OK
r-patched-linux-x86_64 1.3.3 52.19 59.19 111.38 OK
r-patched-solaris-x86 1.3.3 169.70 OK
r-release-linux-x86_64 1.3.3 49.92 58.82 108.74 OK
r-release-windows-ix86+x86_64 1.3.3 146.00 100.00 246.00 OK
r-release-osx-x86_64 1.3.3 OK
r-oldrel-windows-ix86+x86_64 1.3.3 134.00 108.00 242.00 OK
r-oldrel-osx-x86_64 1.3.3 OK

Check Details

Version: 1.3.3
Check: compiled code
Result: NOTE
    File ‘acc/libs/acc.so’:
     Found no calls to: ‘R_registerRoutines’, ‘R_useDynamicSymbols’
    
    It is good practice to register native routines and to disable symbol
    search.
    
    See ‘Writing portable packages’ in the ‘Writing R Extensions’ manual.
Flavors: r-devel-linux-x86_64-fedora-clang, r-devel-linux-x86_64-fedora-gcc