CRAN Package Check Results for Package adagio

Last updated on 2019-09-21 00:52:34 CEST.

Flavor Version Tinstall Tcheck Ttotal Status Flags
r-devel-linux-x86_64-debian-clang 0.7.1 4.68 25.58 30.26 OK
r-devel-linux-x86_64-debian-gcc 0.7.1 3.99 20.36 24.35 OK
r-devel-linux-x86_64-fedora-clang 0.7.1 38.56 NOTE
r-devel-linux-x86_64-fedora-gcc 0.7.1 37.77 NOTE
r-devel-windows-ix86+x86_64 0.7.1 18.00 63.00 81.00 OK
r-patched-linux-x86_64 0.7.1 3.98 25.98 29.96 OK
r-patched-solaris-x86 0.7.1 63.60 OK
r-release-linux-x86_64 0.7.1 4.06 26.49 30.55 OK
r-release-windows-ix86+x86_64 0.7.1 14.00 66.00 80.00 OK
r-release-osx-x86_64 0.7.1 OK
r-oldrel-windows-ix86+x86_64 0.7.1 10.00 42.00 52.00 OK
r-oldrel-osx-x86_64 0.7.1 OK

Check Details

Version: 0.7.1
Check: compiled code
Result: NOTE
    File ‘adagio/libs/adagio.so’:
     Found no calls to: ‘R_registerRoutines’, ‘R_useDynamicSymbols’
    
    It is good practice to register native routines and to disable symbol
    search.
    
    See ‘Writing portable packages’ in the ‘Writing R Extensions’ manual.
Flavors: r-devel-linux-x86_64-fedora-clang, r-devel-linux-x86_64-fedora-gcc