CRAN Package Check Results for Package adagio

Last updated on 2019-06-25 00:52:05 CEST.

Flavor Version Tinstall Tcheck Ttotal Status Flags
r-devel-linux-x86_64-debian-clang 0.7.1 4.48 26.31 30.79 OK
r-devel-linux-x86_64-debian-gcc 0.7.1 3.73 20.79 24.52 OK
r-devel-linux-x86_64-fedora-clang 0.7.1 37.52 NOTE
r-devel-linux-x86_64-fedora-gcc 0.7.1 36.57 NOTE
r-devel-windows-ix86+x86_64 0.7.1 18.00 69.00 87.00 OK
r-patched-linux-x86_64 0.7.1 4.61 26.32 30.93 OK
r-patched-solaris-x86 0.7.1 62.90 OK
r-release-linux-x86_64 0.7.1 4.38 26.61 30.99 OK
r-release-windows-ix86+x86_64 0.7.1 14.00 66.00 80.00 OK
r-release-osx-x86_64 0.7.1 OK
r-oldrel-windows-ix86+x86_64 0.7.1 10.00 42.00 52.00 OK
r-oldrel-osx-x86_64 0.7.1 OK

Check Details

Version: 0.7.1
Check: compiled code
Result: NOTE
    File ‘adagio/libs/adagio.so’:
     Found no calls to: ‘R_registerRoutines’, ‘R_useDynamicSymbols’
    
    It is good practice to register native routines and to disable symbol
    search.
    
    See ‘Writing portable packages’ in the ‘Writing R Extensions’ manual.
Flavors: r-devel-linux-x86_64-fedora-clang, r-devel-linux-x86_64-fedora-gcc