CRAN Package Check Results for Package additivityTests

Last updated on 2019-08-23 00:48:12 CEST.

Flavor Version Tinstall Tcheck Ttotal Status Flags
r-devel-linux-x86_64-debian-clang 1.1-4 1.70 35.15 36.85 NOTE
r-devel-linux-x86_64-debian-gcc 1.1-4 1.65 26.89 28.54 NOTE
r-devel-linux-x86_64-fedora-clang 1.1-4 44.79 NOTE
r-devel-linux-x86_64-fedora-gcc 1.1-4 43.27 NOTE
r-devel-windows-ix86+x86_64 1.1-4 10.00 71.00 81.00 NOTE
r-patched-linux-x86_64 1.1-4 1.60 34.06 35.66 NOTE
r-patched-solaris-x86 1.1-4 64.50 NOTE
r-release-linux-x86_64 1.1-4 1.70 34.32 36.02 NOTE
r-release-windows-ix86+x86_64 1.1-4 7.00 65.00 72.00 NOTE
r-release-osx-x86_64 1.1-4 NOTE
r-oldrel-windows-ix86+x86_64 1.1-4 9.00 57.00 66.00 NOTE
r-oldrel-osx-x86_64 1.1-4 WARN

Check Details

Version: 1.1-4
Check: R code for possible problems
Result: NOTE
    critical.values: no visible global function definition for 'rnorm'
    critical.values: no visible global function definition for 'quantile'
    mandel.test: no visible global function definition for 'qf'
    mtukey.test : p.test: no visible global function definition for 'qf'
    mtukey.test: no visible binding for global variable 'quantile'
    mtukey.test: no visible global function definition for 'rnorm'
    tukey.test: no visible global function definition for 'qf'
    Undefined global functions or variables:
     qf quantile rnorm
    Consider adding
     importFrom("stats", "qf", "quantile", "rnorm")
    to your NAMESPACE file.
Flavors: r-devel-linux-x86_64-debian-clang, r-devel-linux-x86_64-debian-gcc, r-devel-linux-x86_64-fedora-clang, r-devel-linux-x86_64-fedora-gcc, r-devel-windows-ix86+x86_64, r-patched-linux-x86_64, r-patched-solaris-x86, r-release-linux-x86_64, r-release-windows-ix86+x86_64, r-release-osx-x86_64, r-oldrel-windows-ix86+x86_64, r-oldrel-osx-x86_64

Version: 1.1-4
Check: re-building of vignette outputs
Result: WARN
    Error in re-building vignettes:
     ...
    Error: processing vignette 'additivityTests-vignette.Rmd' failed with diagnostics:
    shared object 'stringi.so' not found
    Execution halted
Flavor: r-oldrel-osx-x86_64