CRAN Package Check Results for Package ade4

Last updated on 2019-12-06 00:49:48 CET.

Flavor Version Tinstall Tcheck Ttotal Status Flags
r-devel-linux-x86_64-debian-clang 1.7-13 50.30 304.32 354.62 OK
r-devel-linux-x86_64-debian-gcc 1.7-13 37.11 229.21 266.32 OK
r-devel-linux-x86_64-fedora-clang 1.7-13 388.22 NOTE
r-devel-linux-x86_64-fedora-gcc 1.7-13 386.04 OK
r-devel-windows-ix86+x86_64 1.7-13 74.00 691.00 765.00 NOTE
r-devel-windows-ix86+x86_64-gcc8 1.7-13 75.00 522.00 597.00 NOTE
r-patched-linux-x86_64 1.7-13 39.41 277.41 316.82 OK
r-patched-solaris-x86 1.7-13 519.60 NOTE
r-release-linux-x86_64 1.7-13 38.25 280.21 318.46 OK
r-release-windows-ix86+x86_64 1.7-13 94.00 480.00 574.00 NOTE
r-release-osx-x86_64 1.7-13 NOTE
r-oldrel-windows-ix86+x86_64 1.7-13 64.00 315.00 379.00 NOTE
r-oldrel-osx-x86_64 1.7-13 NOTE

Check Details

Version: 1.7-13
Check: installed package size
Result: NOTE
     installed size is 7.8Mb
     sub-directories of 1Mb or more:
     R 1.4Mb
     data 2.8Mb
     pictures 2.1Mb
Flavors: r-devel-linux-x86_64-fedora-clang, r-devel-windows-ix86+x86_64, r-devel-windows-ix86+x86_64-gcc8, r-patched-solaris-x86, r-release-windows-ix86+x86_64, r-release-osx-x86_64, r-oldrel-windows-ix86+x86_64, r-oldrel-osx-x86_64