CRAN Package Check Results for Package ade4

Last updated on 2019-08-19 00:46:17 CEST.

Flavor Version Tinstall Tcheck Ttotal Status Flags
r-devel-linux-x86_64-debian-clang 1.7-13 42.53 280.15 322.68 OK
r-devel-linux-x86_64-debian-gcc 1.7-13 32.99 215.86 248.85 OK
r-devel-linux-x86_64-fedora-clang 1.7-13 386.62 NOTE
r-devel-linux-x86_64-fedora-gcc 1.7-13 379.30 OK
r-devel-windows-ix86+x86_64 1.7-13 97.00 603.00 700.00 NOTE
r-patched-linux-x86_64 1.7-13 38.97 282.47 321.44 OK
r-patched-solaris-x86 1.7-13 521.70 NOTE
r-release-linux-x86_64 1.7-13 37.22 282.13 319.35 OK
r-release-windows-ix86+x86_64 1.7-13 70.00 448.00 518.00 NOTE
r-release-osx-x86_64 1.7-13 NOTE
r-oldrel-windows-ix86+x86_64 1.7-13 118.00 434.00 552.00 NOTE
r-oldrel-osx-x86_64 1.7-13 NOTE

Check Details

Version: 1.7-13
Check: installed package size
Result: NOTE
     installed size is 7.8Mb
     sub-directories of 1Mb or more:
     R 1.4Mb
     data 2.8Mb
     pictures 2.1Mb
Flavors: r-devel-linux-x86_64-fedora-clang, r-devel-windows-ix86+x86_64, r-patched-solaris-x86, r-release-windows-ix86+x86_64, r-release-osx-x86_64, r-oldrel-windows-ix86+x86_64, r-oldrel-osx-x86_64