CRAN Package Check Results for Package adegraphics

Last updated on 2020-01-22 00:48:50 CET.

Flavor Version Tinstall Tcheck Ttotal Status Flags
r-devel-linux-x86_64-debian-clang 1.0-15 33.57 339.28 372.85 OK
r-devel-linux-x86_64-debian-gcc 1.0-15 24.98 250.94 275.92 OK
r-devel-linux-x86_64-fedora-clang 1.0-15 432.18 OK
r-devel-linux-x86_64-fedora-gcc 1.0-15 420.59 OK
r-devel-windows-ix86+x86_64 1.0-15 59.00 470.00 529.00 OK
r-devel-windows-ix86+x86_64-gcc8 1.0-15 60.00 467.00 527.00 OK
r-patched-linux-x86_64 1.0-15 27.72 297.98 325.70 OK
r-patched-solaris-x86 1.0-15 505.70 NOTE
r-release-linux-x86_64 1.0-15 28.18 297.78 325.96 OK
r-release-windows-ix86+x86_64 1.0-15 53.00 287.00 340.00 OK
r-release-osx-x86_64 1.0-15 OK
r-oldrel-windows-ix86+x86_64 1.0-15 29.00 283.00 312.00 OK
r-oldrel-osx-x86_64 1.0-15 OK

Check Details

Version: 1.0-15
Check: installed package size
Result: NOTE
     installed size is 5.1Mb
     sub-directories of 1Mb or more:
     R 1.5Mb
     doc 3.0Mb
Flavor: r-patched-solaris-x86