CRAN Package Check Results for Package adegraphics

Last updated on 2019-08-26 00:47:19 CEST.

Flavor Version Tinstall Tcheck Ttotal Status Flags
r-devel-linux-x86_64-debian-clang 1.0-15 29.27 304.88 334.15 OK
r-devel-linux-x86_64-debian-gcc 1.0-15 26.28 230.11 256.39 OK
r-devel-linux-x86_64-fedora-clang 1.0-15 387.49 OK
r-devel-linux-x86_64-fedora-gcc 1.0-15 388.08 OK
r-devel-windows-ix86+x86_64 1.0-15 71.00 300.00 371.00 OK
r-patched-linux-x86_64 1.0-15 28.70 300.55 329.25 OK
r-patched-solaris-x86 1.0-15 525.40 NOTE
r-release-linux-x86_64 1.0-15 27.97 300.77 328.74 OK
r-release-windows-ix86+x86_64 1.0-15 52.00 414.00 466.00 OK
r-release-osx-x86_64 1.0-15 OK
r-oldrel-windows-ix86+x86_64 1.0-15 47.00 401.00 448.00 OK
r-oldrel-osx-x86_64 1.0-15 OK

Check Details

Version: 1.0-15
Check: installed package size
Result: NOTE
     installed size is 5.1Mb
     sub-directories of 1Mb or more:
     R 1.5Mb
     doc 3.0Mb
Flavor: r-patched-solaris-x86