CRAN Package Check Results for Package adhoc

Last updated on 2019-08-24 00:52:22 CEST.

Flavor Version Tinstall Tcheck Ttotal Status Flags
r-devel-linux-x86_64-debian-clang 1.1 12.30 110.71 123.01 NOTE
r-devel-linux-x86_64-debian-gcc 1.1 12.20 85.58 97.78 NOTE
r-devel-linux-x86_64-fedora-clang 1.1 147.67 NOTE
r-devel-linux-x86_64-fedora-gcc 1.1 146.06 NOTE
r-devel-windows-ix86+x86_64 1.1 34.00 196.00 230.00 OK
r-patched-linux-x86_64 1.1 12.29 108.50 120.79 OK
r-patched-solaris-x86 1.1 237.70 OK
r-release-linux-x86_64 1.1 13.06 106.35 119.41 OK
r-release-windows-ix86+x86_64 1.1 49.00 162.00 211.00 OK
r-release-osx-x86_64 1.1 OK
r-oldrel-windows-ix86+x86_64 1.1 27.00 174.00 201.00 OK
r-oldrel-osx-x86_64 1.1 OK

Check Details

Version: 1.1
Check: for non-standard things in the check directory
Result: NOTE
    Found the following files/directories:
     'Bestmatches.csv' 'ID.csv' 'listsp.csv' 'mylabels.csv'
Flavors: r-devel-linux-x86_64-debian-clang, r-devel-linux-x86_64-debian-gcc, r-devel-linux-x86_64-fedora-clang, r-devel-linux-x86_64-fedora-gcc