CRAN Package Check Results for Package ahpsurvey

Last updated on 2019-08-23 00:48:12 CEST.

Flavor Version Tinstall Tcheck Ttotal Status Flags
r-devel-linux-x86_64-debian-clang 0.4.0 4.99 90.30 95.29 OK
r-devel-linux-x86_64-debian-gcc 0.4.0 3.80 65.51 69.31 OK
r-devel-linux-x86_64-fedora-clang 0.4.0 106.92 NOTE
r-devel-linux-x86_64-fedora-gcc 0.4.0 104.58 NOTE
r-devel-windows-ix86+x86_64 0.4.0 15.00 134.00 149.00 OK
r-patched-linux-x86_64 0.4.0 4.60 84.98 89.58 OK
r-patched-solaris-x86 0.4.0 136.70 NOTE
r-release-linux-x86_64 0.4.0 4.92 85.48 90.40 OK
r-release-windows-ix86+x86_64 0.4.0 18.00 135.00 153.00 OK
r-release-osx-x86_64 0.4.0 NOTE
r-oldrel-windows-ix86+x86_64 0.4.0 13.00 146.00 159.00 OK
r-oldrel-osx-x86_64 0.4.0 NOTE

Check Details

Version: 0.4.0
Check: dependencies in R code
Result: NOTE
    Namespaces in Imports field not imported from:
     ‘knitr’ ‘randomNames’ ‘tidyr’
     All declared Imports should be used.
Flavors: r-devel-linux-x86_64-fedora-clang, r-devel-linux-x86_64-fedora-gcc, r-patched-solaris-x86, r-release-osx-x86_64, r-oldrel-osx-x86_64