CRAN Package Check Results for Package ahpsurvey

Last updated on 2019-05-24 00:48:13 CEST.

Flavor Version Tinstall Tcheck Ttotal Status Flags
r-devel-linux-x86_64-debian-clang 0.4.0 3.93 89.50 93.43 OK
r-devel-linux-x86_64-debian-gcc 0.4.0 3.78 66.15 69.93 OK
r-devel-linux-x86_64-fedora-clang 0.4.0 105.16 NOTE
r-devel-linux-x86_64-fedora-gcc 0.4.0 104.72 NOTE
r-devel-windows-ix86+x86_64 0.4.0 10.00 101.00 111.00 OK
r-patched-linux-x86_64 0.4.0 4.62 85.81 90.43 OK
r-patched-solaris-x86 0.4.0 149.00 NOTE
r-release-linux-x86_64 0.4.0 4.97 86.09 91.06 OK
r-release-windows-ix86+x86_64 0.4.0 14.00 130.00 144.00 OK
r-release-osx-x86_64 0.4.0 NOTE
r-oldrel-windows-ix86+x86_64 0.4.0 5.00 94.00 99.00 OK
r-oldrel-osx-x86_64 0.4.0 NOTE

Check Details

Version: 0.4.0
Check: dependencies in R code
Result: NOTE
    Namespaces in Imports field not imported from:
     ‘knitr’ ‘randomNames’ ‘tidyr’
     All declared Imports should be used.
Flavors: r-devel-linux-x86_64-fedora-clang, r-devel-linux-x86_64-fedora-gcc, r-patched-solaris-x86, r-release-osx-x86_64, r-oldrel-osx-x86_64